CRAN Package Check Results for Package rsparse

Last updated on 2020-02-27 17:51:08 CET.

Flavor Version Tinstall Tcheck Ttotal Status Flags
r-devel-linux-x86_64-debian-clang 0.3.3.4 142.10 111.87 253.97 OK
r-devel-linux-x86_64-debian-gcc 0.3.3.4 103.71 83.94 187.65 OK
r-devel-linux-x86_64-fedora-clang 0.3.3.4 347.54 NOTE
r-devel-linux-x86_64-fedora-gcc 0.3.3.4 328.72 OK
r-devel-windows-ix86+x86_64 0.3.3.4 250.00 168.00 418.00 NOTE
r-devel-windows-ix86+x86_64-gcc8 0.3.3.4 314.00 181.00 495.00 NOTE
r-patched-linux-x86_64 0.3.3.4 119.95 97.44 217.39 OK
r-patched-solaris-x86 0.3.3.4 2140.50 ERROR
r-release-linux-x86_64 0.3.3.4 121.35 99.94 221.29 OK
r-release-windows-ix86+x86_64 0.3.3.4 243.00 168.00 411.00 NOTE
r-release-osx-x86_64 0.3.3.4 NOTE
r-oldrel-windows-ix86+x86_64 0.3.3.2 258.00 219.00 477.00 NOTE
r-oldrel-osx-x86_64 0.3.3.4 ERROR

Check Details

Version: 0.3.3.4
Check: installed package size
Result: NOTE
     installed size is 6.3Mb
     sub-directories of 1Mb or more:
     libs 5.6Mb
Flavors: r-devel-linux-x86_64-fedora-clang, r-devel-windows-ix86+x86_64, r-devel-windows-ix86+x86_64-gcc8, r-release-windows-ix86+x86_64, r-release-osx-x86_64

Version: 0.3.3.4
Check: tests
Result: ERROR
     Running ‘testthat.R’ [31m/39m]
    Running the tests in ‘tests/testthat.R’ failed.
    Complete output:
     > Sys.setenv("R_TESTS" = "")
     > library(testthat)
     > library(rsparse)
     > library(data.table)
     > library(Matrix)
     > options(rsparse_omp_threads = 1L)
     > logger = lgr::get_logger('rsparse')
     > logger$set_threshold('warn')
     > data("movielens100k")
     > test_check("rsparse")
Flavor: r-patched-solaris-x86

Version: 0.3.3.2
Check: installed package size
Result: NOTE
     installed size is 6.5Mb
     sub-directories of 1Mb or more:
     libs 5.8Mb
Flavor: r-oldrel-windows-ix86+x86_64

Version: 0.3.3.4
Check: whether package can be installed
Result: ERROR
    Installation failed.
Flavor: r-oldrel-osx-x86_64