CRAN Package Check Results for Package rsolr

Last updated on 2021-04-15 09:50:14 CEST.

Flavor Version Tinstall Tcheck Ttotal Status Flags
r-devel-linux-x86_64-debian-clang 0.0.10 34.41 159.94 194.35 OK --no-vignettes
r-devel-linux-x86_64-debian-gcc 0.0.10 31.58 121.78 153.36 OK --no-vignettes
r-devel-windows-ix86+x86_64 0.0.10 66.00 258.00 324.00 OK
r-devel-windows-x86_64-gcc10-UCRT 0.0.10 ERROR
r-patched-linux-x86_64 0.0.10 32.40 149.02 181.42 OK --no-vignettes
r-release-linux-x86_64 0.0.10 33.79 148.93 182.72 OK --no-vignettes
r-release-macos-x86_64 0.0.10 WARN
r-release-windows-ix86+x86_64 0.0.10 54.00 0.00 54.00 FAIL
r-oldrel-macos-x86_64 0.0.10 ERROR
r-oldrel-windows-ix86+x86_64 0.0.10 60.00 0.00 60.00 FAIL

Check Details

Version: 0.0.10
Check: tests
Result: ERROR
     Running 'rsolr_unit_tests.R'
Flavor: r-devel-windows-x86_64-gcc10-UCRT

Version: 0.0.10
Check: running R code from vignettes
Result: ERROR
    Errors in running code in vignettes:
    when running code in 'intro.Rnw'
     ...
    > solr <- TestSolr(schema)
    
    > sr <- SolrFrame(solr$uri)
    
     When sourcing 'intro.R':
    Error: Failed to retrieve schema.
    rsolr requires schema via REST or as XML from admin module.
    Error from REST: Error in (function (cond) : error in evaluating the argument 'X' in selecting a method for function 'lapply': Not Found
    
    Execution halted
    
     'intro.Rnw'... failed
Flavor: r-devel-windows-x86_64-gcc10-UCRT

Version: 0.0.10
Check: re-building of vignette outputs
Result: NOTE
    Error(s) in re-building vignettes:
    --- re-building 'intro.Rnw' using Sweave
    Loading required package: BiocGenerics
    Loading required package: parallel
    
    Attaching package: 'BiocGenerics'
    
    The following objects are masked from 'package:parallel':
    
     clusterApply, clusterApplyLB, clusterCall, clusterEvalQ,
     clusterExport, clusterMap, parApply, parCapply, parLapply,
     parLapplyLB, parRapply, parSapply, parSapplyLB
    
    The following objects are masked from 'package:stats':
    
     IQR, mad, sd, var, xtabs
    
    The following objects are masked from 'package:base':
    
     Filter, Find, Map, Position, Reduce, anyDuplicated, append,
     as.data.frame, basename, cbind, colnames, dirname, do.call,
     duplicated, eval, evalq, get, grep, grepl, intersect, is.unsorted,
     lapply, mapply, match, mget, order, paste, pmax, pmax.int, pmin,
     pmin.int, rank, rbind, rownames, sapply, setdiff, sort, table,
     tapply, union, unique, unsplit, which.max, which.min
    
    
    Attaching package: 'rsolr'
    
    The following object is masked from 'package:stats':
    
     ftable
    
    The following object is masked from 'package:grDevices':
    
     windows
    
    The following object is masked from 'package:base':
    
     grouping
    
    
    Error: processing vignette 'intro.Rnw' failed with diagnostics:
     chunk 3 (label = SolrFrame)
    Error in value[[3L]](cond) : Failed to retrieve schema.
    rsolr requires schema via REST or as XML from admin module.
    Error from REST: Error in (function (cond) : error in evaluating the argument 'X' in selecting a method for function 'lapply': Not Found
    
    
    
    --- failed re-building 'intro.Rnw'
    
    SUMMARY: processing the following file failed:
     'intro.Rnw'
    
    Error: Vignette re-building failed.
    Execution halted
Flavor: r-devel-windows-x86_64-gcc10-UCRT

Version: 0.0.10
Check: running R code from vignettes
Result: WARN
    Errors in running code in vignettes:
    when running code in ‘intro.Rnw’
     ...
    > library(nycflights13)
    
    > dim(flights)
    [1] 336776 19
    
    > head(flights)
    
     When sourcing ‘intro.R’:
    Error: there is no package called ‘cli’
    Execution halted
    
     ‘intro.Rnw’... failed
Flavor: r-release-macos-x86_64

Version: 0.0.10
Check: re-building of vignette outputs
Result: NOTE
    Error(s) in re-building vignettes:
     ...
    --- re-building ‘intro.Rnw’ using Sweave
    Error: processing vignette 'intro.Rnw' failed with diagnostics:
    there is no package called ‘cli’
    --- failed re-building ‘intro.Rnw’
    
    SUMMARY: processing the following file failed:
     ‘intro.Rnw’
    
    Error: Vignette re-building failed.
    Execution halted
Flavor: r-release-macos-x86_64

Version: 0.0.10
Check: tests
Result: FAIL
    Check process probably crashed or hung up for 20 minutes ... killed
    Most likely this happened in the example checks (?),
    if not, ignore the following last lines of example output:
    > ### Name: SolrList-class
    > ### Title: SolrList
    > ### Aliases: class:SolrList SolrList-class length,SolrList-method
    > ### names,SolrList-method [<-,SolrList,ANY,ANY,ANY-method
    > ### [[,SolrList,ANY-method [,SolrList-method [[,SolrList-method
    > ### [[<-,SolrList-method unique,SolrList-method searchDocs
    > ### searchDocs,Solr SolrList coerce,Solr,SolrList-method
    > ### coerce,SolrList,DocCollection-method show,SolrList-method
    > ### Keywords: methods classes
    >
    > ### ** Examples
    >
    >
    >
    >
    > ### * <FOOTER>
    > ###
    > cleanEx()
    > options(digits = 7L)
    > base::cat("Time elapsed: ", proc.time() - base::get("ptime", pos = 'CheckExEnv'),"\n")
    Time elapsed: 4.94 0.13 5.07 NA NA
    > grDevices::dev.off()
    null device
     1
    > ###
    > ### Local variables: ***
    > ### mode: outline-minor ***
    > ### outline-regexp: "\\(> \\)?### [*]+" ***
    > ### End: ***
    > quit('no')
    ======== End of example output (where/before crash/hang up occured ?) ========
Flavor: r-release-windows-ix86+x86_64

Version: 0.0.10
Check: tests
Result: ERROR
     Running ‘rsolr_unit_tests.R’ [8s/11s]
    Running the tests in ‘tests/rsolr_unit_tests.R’ failed.
    Last 13 lines of output:
     100 180 100 180 0 0 169 0 0:00:01 0:00:01 --:--:-- 169
    
     100 645 0 645 0 0 458 0 --:--:-- 0:00:01 --:--:-- 458
    
     0 0 0 0 0 0 0 0 --:--:-- 0:00:01 --:--:-- 0
     7 144M 7 11.4M 0 0 4574k 0 0:00:32 0:00:02 0:00:30 12.9M
     23 144M 23 33.6M 0 0 9674k 0 0:00:15 0:00:03 0:00:12 17.8M
     39 144M 39 56.9M 0 0 12.4M 0 0:00:11 0:00:04 0:00:07 19.7M
     56 144M 56 81.3M 0 0 14.6M 0 0:00:09 0:00:05 0:00:04 20.9M
     73 144M 73 106M 0 0 16.2M 0 0:00:08 0:00:06 0:00:02 21.8M
     92 144M 92 133M 0 0 17.6M 0 0:00:08 0:00:07 0:00:01 24.3M
     100 144M 100 144M 0 0 18.1M 0 0:00:07 0:00:07 --:--:-- 25.1M
     Error in unzip(file, exdir = exdir) : 'exdir' does not exist
     Calls: <Anonymous> ... runSolr -> maybeInstallSolr -> installSolr -> unpack -> unzip
     Execution halted
Flavor: r-oldrel-macos-x86_64

Version: 0.0.10
Check: running R code from vignettes
Result: ERROR
    Errors in running code in vignettes:
    when running code in ‘intro.Rnw’
     ...
    
     12 144M 12 18.6M 0 0 18.7M 0 0:00:07 --:--:-- 0:00:07 18.7M
     34 144M 34 50.4M 0 0 25.2M 0 0:00:05 0:00:01 0:00:04 31.8M
     56 144M 56 82.3M 0 0 27.4M 0 0:00:05 0:00:02 0:00:03 31.8M
     78 144M 78 114M 0 0 28.5M 0 0:00:05 0:00:03 0:00:02 31.8M
    100 144M 100 144M 0 0 29.2M 0 0:00:04 0:00:04 --:--:-- 31.8M
    
     When sourcing ‘intro.R’:
    Error: 'exdir' does not exist
    Execution halted
    
     ‘intro.Rnw’... failed
Flavor: r-oldrel-macos-x86_64

Version: 0.0.10
Check: re-building of vignette outputs
Result: NOTE
    Error(s) in re-building vignettes:
    --- re-building ‘intro.Rnw’ using Sweave
    Loading required package: BiocGenerics
    Loading required package: parallel
    
    Attaching package: ‘BiocGenerics’
    
    The following objects are masked from ‘package:parallel’:
    
     clusterApply, clusterApplyLB, clusterCall, clusterEvalQ,
     clusterExport, clusterMap, parApply, parCapply, parLapply,
     parLapplyLB, parRapply, parSapply, parSapplyLB
    
    The following objects are masked from ‘package:stats’:
    
     IQR, mad, sd, var, xtabs
    
    The following objects are masked from ‘package:base’:
    
     Filter, Find, Map, Position, Reduce, anyDuplicated, append,
     as.data.frame, basename, cbind, colnames, dirname, do.call,
     duplicated, eval, evalq, get, grep, grepl, intersect, is.unsorted,
     lapply, mapply, match, mget, order, paste, pmax, pmax.int, pmin,
     pmin.int, rank, rbind, rownames, sapply, setdiff, sort, table,
     tapply, union, unique, unsplit, which, which.max, which.min
    
    
    Attaching package: ‘rsolr’
    
    The following object is masked from ‘package:stats’:
    
     ftable
    
    The following object is masked from ‘package:base’:
    
     grouping
    
    Starting Solr...
    Use options(verbose=TRUE) to diagnose any problems.
    Solr not found
    Solr installation not found, installing...
     % Total % Received % Xferd Average Speed Time Time Time Current
     Dload Upload Total Spent Left Speed
    
     0 0 0 0 0 0 0 0 --:--:-- --:--:-- --:--:-- 0
    100 180 100 180 0 0 608 0 --:--:-- --:--:-- --:--:-- 610
    
    100 645 100 645 0 0 1953 0 --:--:-- --:--:-- --:--:-- 1953
    
     2 144M 2 4348k 0 0 7972k 0 0:00:18 --:--:-- 0:00:18 7972k
     24 144M 24 35.8M 0 0 23.1M 0 0:00:06 0:00:01 0:00:05 31.5M
     46 144M 46 67.6M 0 0 26.5M 0 0:00:05 0:00:02 0:00:03 31.7M
     68 144M 68 99.4M 0 0 28.0M 0 0:00:05 0:00:03 0:00:02 31.7M
     90 144M 90 131M 0 0 28.9M 0 0:00:05 0:00:04 0:00:01 31.7M
    100 144M 100 144M 0 0 29.1M 0 0:00:04 0:00:04 --:--:-- 31.7M
    
    Error: processing vignette 'intro.Rnw' failed with diagnostics:
     chunk 2 (label = startSolr)
    Error in unzip(file, exdir = exdir) : 'exdir' does not exist
    
    --- failed re-building ‘intro.Rnw’
    
    SUMMARY: processing the following file failed:
     ‘intro.Rnw’
    
    Error: Vignette re-building failed.
    Execution halted
Flavor: r-oldrel-macos-x86_64

Version: 0.0.10
Check: tests
Result: FAIL
    Check process probably crashed or hung up for 20 minutes ... killed
    Most likely this happened in the example checks (?),
    if not, ignore the following last lines of example output:
    > ### Name: SolrList-class
    > ### Title: SolrList
    > ### Aliases: class:SolrList SolrList-class length,SolrList-method
    > ### names,SolrList-method [<-,SolrList,ANY,ANY,ANY-method
    > ### [[,SolrList,ANY-method [,SolrList-method [[,SolrList-method
    > ### [[<-,SolrList-method unique,SolrList-method searchDocs
    > ### searchDocs,Solr SolrList coerce,Solr,SolrList-method
    > ### coerce,SolrList,DocCollection-method show,SolrList-method
    > ### Keywords: methods classes
    >
    > ### ** Examples
    >
    >
    >
    >
    > ### * <FOOTER>
    > ###
    > cleanEx()
    > options(digits = 7L)
    > base::cat("Time elapsed: ", proc.time() - base::get("ptime", pos = 'CheckExEnv'),"\n")
    Time elapsed: 3.81 0.11 3.91 NA NA
    > grDevices::dev.off()
    null device
     1
    > ###
    > ### Local variables: ***
    > ### mode: outline-minor ***
    > ### outline-regexp: "\\(> \\)?### [*]+" ***
    > ### End: ***
    > quit('no')
    ======== End of example output (where/before crash/hang up occured ?) ========
Flavor: r-oldrel-windows-ix86+x86_64