CRAN Package Check Results for Package rsf

Last updated on 2021-04-15 09:50:14 CEST.

Flavor Version Tinstall Tcheck Ttotal Status Flags
r-devel-linux-x86_64-debian-clang 0.2.2 2.22 21.39 23.61 NOTE
r-devel-linux-x86_64-debian-gcc 0.2.2 1.81 16.66 18.47 NOTE
r-devel-linux-x86_64-fedora-clang 0.2.2 38.11 NOTE
r-devel-linux-x86_64-fedora-gcc 0.2.2 27.46 NOTE
r-devel-windows-ix86+x86_64 0.2.2 6.00 31.00 37.00 NOTE
r-devel-windows-x86_64-gcc10-UCRT 0.2.2 NOTE
r-patched-linux-x86_64 0.2.2 2.19 20.21 22.40 OK
r-patched-solaris-x86 0.2.2 44.10 OK
r-release-linux-x86_64 0.2.2 2.08 20.23 22.31 OK
r-release-macos-x86_64 0.2.2 OK
r-release-windows-ix86+x86_64 0.2.2 18.00 35.00 53.00 OK
r-oldrel-macos-x86_64 0.2.2 OK
r-oldrel-windows-ix86+x86_64 0.2.2 4.00 26.00 30.00 OK

Check Details

Version: 0.2.2
Check: LazyData
Result: NOTE
     'LazyData' is specified without a 'data' directory
Flavors: r-devel-linux-x86_64-debian-clang, r-devel-linux-x86_64-debian-gcc, r-devel-linux-x86_64-fedora-clang, r-devel-linux-x86_64-fedora-gcc, r-devel-windows-ix86+x86_64, r-devel-windows-x86_64-gcc10-UCRT