CRAN Package Check Results for Package rsatscan

Last updated on 2020-05-29 17:49:16 CEST.

Flavor Version Tinstall Tcheck Ttotal Status Flags
r-devel-linux-x86_64-debian-clang 0.3.9200 2.51 24.97 27.48 NOTE
r-devel-linux-x86_64-debian-gcc 0.3.9200 1.84 20.16 22.00 NOTE
r-devel-linux-x86_64-fedora-clang 0.3.9200 34.51 NOTE
r-devel-linux-x86_64-fedora-gcc 0.3.9200 35.49 NOTE
r-devel-windows-ix86+x86_64 0.3.9200 9.00 101.00 110.00 NOTE
r-patched-linux-x86_64 0.3.9200 2.50 25.06 27.56 NOTE
r-patched-solaris-x86 0.3.9200 52.50 NOTE
r-release-linux-x86_64 0.3.9200 2.48 25.08 27.56 NOTE
r-release-osx-x86_64 0.3.9200 NOTE
r-release-windows-ix86+x86_64 0.3.9200 6.00 40.00 46.00 NOTE
r-oldrel-osx-x86_64 0.3.9200 NOTE
r-oldrel-windows-ix86+x86_64 0.3.9200 10.00 40.00 50.00 NOTE

Check Details

Version: 0.3.9200
Check: R code for possible problems
Result: NOTE
    stripslash: no visible global function definition for 'tail'
    Undefined global functions or variables:
     tail
    Consider adding
     importFrom("utils", "tail")
    to your NAMESPACE file.
Flavors: r-devel-linux-x86_64-debian-clang, r-devel-linux-x86_64-debian-gcc, r-devel-linux-x86_64-fedora-clang, r-devel-linux-x86_64-fedora-gcc, r-devel-windows-ix86+x86_64, r-patched-linux-x86_64, r-patched-solaris-x86, r-release-linux-x86_64, r-release-osx-x86_64, r-release-windows-ix86+x86_64, r-oldrel-osx-x86_64, r-oldrel-windows-ix86+x86_64