CRAN Package Check Results for Package rromeo

Last updated on 2021-06-22 09:51:52 CEST.

Flavor Version Tinstall Tcheck Ttotal Status Flags
r-devel-linux-x86_64-debian-clang 0.1.1 2.94 34.45 37.39 NOTE
r-devel-linux-x86_64-debian-gcc 0.1.1 2.19 27.03 29.22 NOTE
r-devel-linux-x86_64-fedora-clang 0.1.1 53.98 NOTE
r-devel-linux-x86_64-fedora-gcc 0.1.1 44.09 NOTE
r-devel-windows-x86_64 0.1.1 5.00 46.00 51.00 NOTE
r-devel-windows-x86_64-gcc10-UCRT 0.1.1 ERROR
r-patched-linux-x86_64 0.1.1 3.29 33.60 36.89 NOTE
r-patched-solaris-x86 0.1.1 68.40 NOTE
r-release-linux-x86_64 0.1.1 2.69 33.19 35.88 NOTE
r-release-macos-arm64 0.1.1 NOTE
r-release-macos-x86_64 0.1.1 NOTE
r-release-windows-ix86+x86_64 0.1.1 6.00 53.00 59.00 NOTE
r-oldrel-macos-x86_64 0.1.1 OK

Check Details

Version: 0.1.1
Check: LazyData
Result: NOTE
     'LazyData' is specified without a 'data' directory
Flavors: r-devel-linux-x86_64-debian-clang, r-devel-linux-x86_64-debian-gcc, r-devel-linux-x86_64-fedora-clang, r-devel-linux-x86_64-fedora-gcc, r-devel-windows-x86_64, r-patched-linux-x86_64, r-patched-solaris-x86, r-release-linux-x86_64, r-release-macos-arm64, r-release-macos-x86_64, r-release-windows-ix86+x86_64

Version: 0.1.1
Check: package dependencies
Result: ERROR
    Package required but not available: 'httr'
    
    Package suggested but not available for checking: 'vcr'
    
    See section 'The DESCRIPTION file' in the 'Writing R Extensions'
    manual.
Flavor: r-devel-windows-x86_64-gcc10-UCRT