CRAN Package Check Results for Package rphylopic

Last updated on 2021-06-24 09:52:44 CEST.

Flavor Version Tinstall Tcheck Ttotal Status Flags
r-devel-linux-x86_64-debian-clang 0.3.0 5.14 53.59 58.73 OK
r-devel-linux-x86_64-debian-gcc 0.3.0 3.95 41.16 45.11 OK
r-devel-linux-x86_64-fedora-clang 0.3.0 77.92 OK
r-devel-linux-x86_64-fedora-gcc 0.3.0 67.20 OK
r-devel-windows-x86_64 0.3.0 9.00 63.00 72.00 OK
r-devel-windows-x86_64-gcc10-UCRT 0.3.0 ERROR
r-patched-linux-x86_64 0.3.0 5.23 49.89 55.12 OK
r-patched-solaris-x86 0.3.0 100.80 OK
r-release-linux-x86_64 0.3.0 5.32 49.64 54.96 OK
r-release-macos-arm64 0.3.0 OK
r-release-macos-x86_64 0.3.0 OK
r-release-windows-ix86+x86_64 0.3.0 11.00 58.00 69.00 OK
r-oldrel-macos-x86_64 0.3.0 OK

Check Details

Version: 0.3.0
Check: package dependencies
Result: ERROR
    Package required but not available: 'crul'
    
    Package suggested but not available for checking: 'vcr'
    
    See section 'The DESCRIPTION file' in the 'Writing R Extensions'
    manual.
Flavor: r-devel-windows-x86_64-gcc10-UCRT