CRAN Package Check Results for Package rpg

Last updated on 2020-03-30 20:48:41 CEST.

Flavor Version Tinstall Tcheck Ttotal Status Flags
r-devel-linux-x86_64-debian-clang 1.6 24.79 28.37 53.16 OK
r-devel-linux-x86_64-debian-gcc 1.6 17.63 22.81 40.44 OK
r-devel-linux-x86_64-fedora-clang 1.6 71.24 NOTE
r-devel-linux-x86_64-fedora-gcc 1.6 67.80 NOTE
r-devel-windows-ix86+x86_64 1.6 50.00 85.00 135.00 NOTE
r-devel-windows-ix86+x86_64-gcc8 1.6 61.00 82.00 143.00 NOTE
r-patched-linux-x86_64 1.6 19.95 28.20 48.15 OK
r-patched-solaris-x86 1.6 19.80 ERROR
r-release-linux-x86_64 1.6 20.68 26.32 47.00 OK
r-release-windows-ix86+x86_64 1.6 72.00 109.00 181.00 NOTE
r-release-osx-x86_64 1.6 ERROR
r-oldrel-windows-ix86+x86_64 1.6 71.00 97.00 168.00 NOTE
r-oldrel-osx-x86_64 1.6 ERROR

Check Details

Version: 1.6
Check: top-level files
Result: NOTE
    ‘configure’: /bin/bash is not portable
Flavors: r-devel-linux-x86_64-fedora-clang, r-devel-linux-x86_64-fedora-gcc

Version: 1.6
Check: installed package size
Result: NOTE
     installed size is 5.8Mb
     sub-directories of 1Mb or more:
     libs 5.6Mb
Flavors: r-devel-windows-ix86+x86_64, r-devel-windows-ix86+x86_64-gcc8, r-release-windows-ix86+x86_64, r-oldrel-windows-ix86+x86_64

Version: 1.6
Check: whether package can be installed
Result: ERROR
    Installation failed.
Flavors: r-patched-solaris-x86, r-release-osx-x86_64, r-oldrel-osx-x86_64