CRAN Package Check Results for Package rpart

Last updated on 2021-10-27 08:56:17 CEST.

Flavor Version Tinstall Tcheck Ttotal Status Flags
r-devel-linux-x86_64-debian-clang 4.1-15 11.39 65.04 76.43 OK
r-devel-linux-x86_64-debian-gcc 4.1-15 7.64 50.10 57.74 OK
r-devel-linux-x86_64-fedora-clang 4.1-15 106.78 NOTE
r-devel-linux-x86_64-fedora-gcc 4.1-15 96.37 OK
r-devel-windows-x86_64 4.1-15 24.00 72.00 96.00 OK
r-devel-windows-x86_64-gcc10-UCRT 4.1-15 OK
r-patched-linux-x86_64 4.1-15 8.36 64.52 72.88 OK
r-patched-solaris-x86 4.1-15 OK
r-release-linux-x86_64 4.1-15 8.83 64.26 73.09 OK
r-release-macos-arm64 4.1-15 OK
r-release-macos-x86_64 4.1-15 OK
r-release-windows-ix86+x86_64 4.1-15 37.00 116.00 153.00 OK
r-oldrel-macos-x86_64 4.1-15 OK
r-oldrel-windows-ix86+x86_64 4.1-15 50.00 119.00 169.00 OK

Check Details

Version: 4.1-15
Check: Rd cross-references
Result: NOTE
    Undeclared package ‘tree’ in Rd xrefs
Flavor: r-devel-linux-x86_64-fedora-clang