CRAN Package Check Results for Package rpact

Last updated on 2021-06-16 09:53:36 CEST.

Flavor Version Tinstall Tcheck Ttotal Status Flags
r-devel-linux-x86_64-debian-clang 3.1.0 115.16 515.09 630.25 OK
r-devel-linux-x86_64-debian-gcc 3.1.0 91.81 366.93 458.74 OK
r-devel-linux-x86_64-fedora-clang 3.1.0 787.86 NOTE
r-devel-linux-x86_64-fedora-gcc 3.1.0 738.84 OK
r-devel-windows-x86_64 3.1.0 170.00 564.00 734.00 NOTE
r-devel-windows-x86_64-gcc10-UCRT 3.1.0 ERROR
r-patched-linux-x86_64 3.1.0 108.27 487.38 595.65 OK
r-patched-solaris-x86 3.1.0 747.30 NOTE
r-release-linux-x86_64 3.1.0 102.21 485.34 587.55 OK
r-release-macos-arm64 3.0.4 NOTE
r-release-macos-x86_64 3.1.0 NOTE
r-release-windows-ix86+x86_64 3.1.0 201.00 663.00 864.00 NOTE
r-oldrel-macos-x86_64 3.1.0 NOTE
r-oldrel-windows-ix86+x86_64 3.1.0 198.00 672.00 870.00 NOTE

Check Details

Version: 3.1.0
Check: installed package size
Result: NOTE
     installed size is 7.1Mb
     sub-directories of 1Mb or more:
     R 4.0Mb
     libs 2.3Mb
Flavors: r-devel-linux-x86_64-fedora-clang, r-devel-windows-x86_64, r-patched-solaris-x86, r-release-macos-x86_64, r-release-windows-ix86+x86_64, r-oldrel-macos-x86_64, r-oldrel-windows-ix86+x86_64

Version: 3.1.0
Check: tests
Result: ERROR
     Running 'testthat.R'
    Running the tests in 'tests/testthat.R' failed.
    Last 13 lines of output:
     [PROGRESS] Repeated p-values for stage 1 calculated [2.66 secs]
     [PROGRESS] Repeated p-values for stage 2 calculated [0.875 secs]
     [PROGRESS] Stage results calculated [0.0625 secs]
     [PROGRESS] Closed test calculated [0.0625 secs]
     [PROGRESS] Conditional power calculated [0.0781 secs]
     [PROGRESS] Conditional rejection probabilities (CRP) calculated [0 secs]
     [PROGRESS] Repeated confidence intervals for stage 1 calculated [3.9 secs]
     [PROGRESS] Repeated confidence intervals for stage 2 calculated [4.27 secs]
     [PROGRESS] Repeated p-values for stage 1 calculated [1.88 secs]
     [PROGRESS] Repeated p-values for stage 2 calculated [2.02 secs]
     [PROGRESS] Stage results calculated [0.0625 secs]
     [PROGRESS] Closed test calculated [0.0313 secs]
     [PROGRESS] Conditional power calculated [0.0625 secs]
     [PROGRESS] Conditional rejection probabilities (CRP) calculated [0.0156 secs]
     [PROGRESS] Repeated confidence intervals for stage 1 calculated [4.6 secs]
Flavor: r-devel-windows-x86_64-gcc10-UCRT

Version: 3.0.4
Check: installed package size
Result: NOTE
     installed size is 9.9Mb
     sub-directories of 1Mb or more:
     R 4.0Mb
     libs 3.3Mb
     tests 1.8Mb
Flavor: r-release-macos-arm64

Version: 3.0.4
Check: LazyData
Result: NOTE
     'LazyData' is specified without a 'data' directory
Flavor: r-release-macos-arm64