CRAN Package Check Results for Package ropenblas

Last updated on 2021-04-15 09:50:14 CEST.

Flavor Version Tinstall Tcheck Ttotal Status Flags
r-devel-linux-x86_64-debian-clang 0.2.9 5.74 42.88 48.62 NOTE
r-devel-linux-x86_64-debian-gcc 0.2.9 3.74 33.20 36.94 NOTE
r-devel-linux-x86_64-fedora-clang 0.2.9 65.87 NOTE
r-devel-linux-x86_64-fedora-gcc 0.2.9 55.14 NOTE
r-devel-windows-ix86+x86_64 0.2.9 13.00 50.00 63.00 NOTE
r-devel-windows-x86_64-gcc10-UCRT 0.2.9 NOTE
r-patched-linux-x86_64 0.2.9 5.24 39.23 44.47 OK
r-patched-solaris-x86 0.2.9 92.20 OK
r-release-linux-x86_64 0.2.9 5.21 38.92 44.13 OK
r-release-macos-x86_64 0.2.9 OK
r-release-windows-ix86+x86_64 0.2.9 9.00 68.00 77.00 OK
r-oldrel-macos-x86_64 0.2.9 OK
r-oldrel-windows-ix86+x86_64 0.2.9 10.00 42.00 52.00 OK

Check Details

Version: 0.2.9
Check: LazyData
Result: NOTE
     'LazyData' is specified without a 'data' directory
Flavors: r-devel-linux-x86_64-debian-clang, r-devel-linux-x86_64-debian-gcc, r-devel-linux-x86_64-fedora-clang, r-devel-linux-x86_64-fedora-gcc, r-devel-windows-ix86+x86_64, r-devel-windows-x86_64-gcc10-UCRT