CRAN Package Check Results for Package rootWishart

Last updated on 2021-04-15 09:50:14 CEST.

Flavor Version Tinstall Tcheck Ttotal Status Flags
r-devel-linux-x86_64-debian-clang 0.4.1 143.50 38.33 181.83 NOTE
r-devel-linux-x86_64-debian-gcc 0.4.1 102.90 31.32 134.22 NOTE
r-devel-linux-x86_64-fedora-clang 0.4.1 263.70 NOTE
r-devel-linux-x86_64-fedora-gcc 0.4.1 241.43 NOTE
r-devel-windows-ix86+x86_64 0.4.1 321.00 97.00 418.00 NOTE
r-devel-windows-x86_64-gcc10-UCRT 0.4.1 NOTE
r-patched-linux-x86_64 0.4.1 122.32 37.51 159.83 OK
r-patched-solaris-x86 0.4.1 259.50 OK
r-release-linux-x86_64 0.4.1 118.22 36.99 155.21 OK
r-release-macos-x86_64 0.4.1 NOTE
r-release-windows-ix86+x86_64 0.4.1 261.00 108.00 369.00 OK
r-oldrel-macos-x86_64 0.4.1 NOTE
r-oldrel-windows-ix86+x86_64 0.4.1 268.00 86.00 354.00 OK

Check Details

Version: 0.4.1
Check: LazyData
Result: NOTE
     'LazyData' is specified without a 'data' directory
Flavors: r-devel-linux-x86_64-debian-clang, r-devel-linux-x86_64-debian-gcc, r-devel-linux-x86_64-fedora-clang, r-devel-linux-x86_64-fedora-gcc, r-devel-windows-ix86+x86_64, r-devel-windows-x86_64-gcc10-UCRT

Version: 0.4.1
Check: installed package size
Result: NOTE
     installed size is 22.9Mb
     sub-directories of 1Mb or more:
     libs 22.8Mb
Flavors: r-devel-linux-x86_64-fedora-clang, r-release-macos-x86_64, r-oldrel-macos-x86_64