CRAN Package Check Results for Package rolypoly

Last updated on 2021-04-15 09:50:14 CEST.

Flavor Version Tinstall Tcheck Ttotal Status Flags
r-devel-linux-x86_64-debian-clang 0.1.0 6.21 130.30 136.51 OK
r-devel-linux-x86_64-debian-gcc 0.1.0 4.51 104.36 108.87 OK
r-devel-linux-x86_64-fedora-clang 0.1.0 142.81 NOTE
r-devel-linux-x86_64-fedora-gcc 0.1.0 127.11 NOTE
r-devel-windows-ix86+x86_64 0.1.0 15.00 94.00 109.00 OK
r-devel-windows-x86_64-gcc10-UCRT 0.1.0 NOTE
r-patched-linux-x86_64 0.1.0 6.20 111.11 117.31 OK
r-patched-solaris-x86 0.1.0 163.00 NOTE
r-release-linux-x86_64 0.1.0 7.00 110.33 117.33 OK
r-release-macos-x86_64 0.1.0 NOTE
r-release-windows-ix86+x86_64 0.1.0 34.00 123.00 157.00 OK
r-oldrel-macos-x86_64 0.1.0 NOTE
r-oldrel-windows-ix86+x86_64 0.1.0 10.00 87.00 97.00 OK

Check Details

Version: 0.1.0
Check: dependencies in R code
Result: NOTE
    Namespace in Imports field not imported from: ‘matrixcalc’
     All declared Imports should be used.
Flavors: r-devel-linux-x86_64-fedora-clang, r-devel-linux-x86_64-fedora-gcc, r-devel-windows-x86_64-gcc10-UCRT, r-patched-solaris-x86, r-release-macos-x86_64, r-oldrel-macos-x86_64