CRAN Package Check Results for Package rockchalk

Last updated on 2021-04-15 09:50:14 CEST.

Flavor Version Tinstall Tcheck Ttotal Status Flags
r-devel-linux-x86_64-debian-clang 1.8.144 16.65 213.59 230.24 OK
r-devel-linux-x86_64-debian-gcc 1.8.144 11.24 168.08 179.32 OK
r-devel-linux-x86_64-fedora-clang 1.8.144 286.03 NOTE
r-devel-linux-x86_64-fedora-gcc 1.8.144 273.53 OK
r-devel-windows-ix86+x86_64 1.8.144 31.00 207.00 238.00 OK
r-devel-windows-x86_64-gcc10-UCRT 1.8.144 OK
r-patched-linux-x86_64 1.8.144 15.40 200.71 216.11 OK
r-patched-solaris-x86 1.8.144 357.40 OK
r-release-linux-x86_64 1.8.144 13.32 203.20 216.52 OK
r-release-macos-x86_64 1.8.144 OK
r-release-windows-ix86+x86_64 1.8.144 31.00 252.00 283.00 OK
r-oldrel-macos-x86_64 1.8.144 OK
r-oldrel-windows-ix86+x86_64 1.8.144 26.00 180.00 206.00 OK

Check Details

Version: 1.8.144
Check: Rd cross-references
Result: NOTE
    Undeclared packages ‘mvtnorm’, ‘scatterplot3d’, ‘HH’ in Rd xrefs
Flavor: r-devel-linux-x86_64-fedora-clang