CRAN Package Check Results for Package robregcc

Last updated on 2021-04-15 09:50:14 CEST.

Flavor Version Tinstall Tcheck Ttotal Status Flags
r-devel-linux-x86_64-debian-clang 1.1 54.46 42.30 96.76 OK
r-devel-linux-x86_64-debian-gcc 1.1 32.70 32.03 64.73 OK
r-devel-linux-x86_64-fedora-clang 1.1 130.40 OK
r-devel-linux-x86_64-fedora-gcc 1.1 111.93 OK
r-devel-windows-ix86+x86_64 1.1 110.00 78.00 188.00 OK
r-devel-windows-x86_64-gcc10-UCRT 1.1 OK
r-patched-linux-x86_64 1.1 39.50 39.51 79.01 OK
r-patched-solaris-x86 1.1 119.10 OK
r-release-linux-x86_64 1.1 36.79 39.01 75.80 OK
r-release-macos-x86_64 1.1 NOTE
r-release-windows-ix86+x86_64 1.1 108.00 92.00 200.00 OK
r-oldrel-macos-x86_64 1.1 NOTE
r-oldrel-windows-ix86+x86_64 1.1 95.00 62.00 157.00 OK

Check Details

Version: 1.1
Check: installed package size
Result: NOTE
     installed size is 5.2Mb
     sub-directories of 1Mb or more:
     libs 4.9Mb
Flavors: r-release-macos-x86_64, r-oldrel-macos-x86_64