CRAN Package Check Results for Package rnetcarto

Last updated on 2021-06-20 09:50:05 CEST.

Flavor Version Tinstall Tcheck Ttotal Status Flags
r-devel-linux-x86_64-debian-clang 0.2.4 4.37 28.59 32.96 OK
r-devel-linux-x86_64-debian-gcc 0.2.4 3.29 22.70 25.99 OK
r-devel-linux-x86_64-fedora-clang 0.2.4 50.00 NOTE
r-devel-linux-x86_64-fedora-gcc 0.2.4 39.94 NOTE
r-devel-windows-x86_64 0.2.4 7.00 36.00 43.00 OK
r-devel-windows-x86_64-gcc10-UCRT 0.2.4 OK
r-patched-linux-x86_64 0.2.4 3.69 28.36 32.05 OK
r-patched-solaris-x86 0.2.4 64.40 OK
r-release-linux-x86_64 0.2.4 3.65 28.02 31.67 OK
r-release-macos-arm64 0.2.4 OK
r-release-macos-x86_64 0.2.4 OK
r-release-windows-ix86+x86_64 0.2.4 13.00 54.00 67.00 OK
r-oldrel-macos-x86_64 0.2.4 OK
r-oldrel-windows-ix86+x86_64 0.2.4 11.00 54.00 65.00 OK

Check Details

Version: 0.2.4
Check: compiled code
Result: NOTE
    File ‘rnetcarto/libs/rnetcarto.so’:
     Found no calls to: ‘R_registerRoutines’, ‘R_useDynamicSymbols’
    
    It is good practice to register native routines and to disable symbol
    search.
    
    See ‘Writing portable packages’ in the ‘Writing R Extensions’ manual.
Flavors: r-devel-linux-x86_64-fedora-clang, r-devel-linux-x86_64-fedora-gcc