CRAN Package Check Results for Package rmi

Last updated on 2021-04-15 09:50:13 CEST.

Flavor Version Tinstall Tcheck Ttotal Status Flags
r-devel-linux-x86_64-debian-clang 0.1.1 145.83 38.23 184.06 NOTE
r-devel-linux-x86_64-debian-gcc 0.1.1 89.17 28.63 117.80 NOTE
r-devel-linux-x86_64-fedora-clang 0.1.1 261.24 NOTE
r-devel-linux-x86_64-fedora-gcc 0.1.1 234.92 NOTE
r-devel-windows-ix86+x86_64 0.1.1 172.00 74.00 246.00 NOTE
r-devel-windows-x86_64-gcc10-UCRT 0.1.1 NOTE
r-patched-linux-x86_64 0.1.1 107.90 35.08 142.98 OK
r-patched-solaris-x86 0.1.1 200.50 OK
r-release-linux-x86_64 0.1.1 108.97 35.27 144.24 OK
r-release-macos-x86_64 0.1.1 OK
r-release-windows-ix86+x86_64 0.1.1 142.00 89.00 231.00 OK
r-oldrel-macos-x86_64 0.1.1 OK
r-oldrel-windows-ix86+x86_64 0.1.1 147.00 71.00 218.00 OK

Check Details

Version: 0.1.1
Check: LazyData
Result: NOTE
     'LazyData' is specified without a 'data' directory
Flavors: r-devel-linux-x86_64-debian-clang, r-devel-linux-x86_64-debian-gcc, r-devel-linux-x86_64-fedora-clang, r-devel-linux-x86_64-fedora-gcc, r-devel-windows-ix86+x86_64, r-devel-windows-x86_64-gcc10-UCRT