CRAN Package Check Results for Package rmcfs

Last updated on 2020-07-06 21:50:37 CEST.

Flavor Version Tinstall Tcheck Ttotal Status Flags
r-devel-linux-x86_64-debian-clang 1.3.1 10.31 184.96 195.27 OK
r-devel-linux-x86_64-debian-gcc 1.3.1 8.25 139.51 147.76 OK
r-devel-linux-x86_64-fedora-clang 1.3.1 240.12 OK
r-devel-linux-x86_64-fedora-gcc 1.3.1 217.17 OK
r-devel-windows-ix86+x86_64 1.3.1 32.00 115.00 147.00 OK
r-patched-linux-x86_64 1.3.1 10.67 173.35 184.02 OK
r-patched-solaris-x86 1.3.1 297.10 NOTE
r-release-linux-x86_64 1.3.1 10.33 174.60 184.93 OK
r-release-osx-x86_64 1.3.1 OK
r-release-windows-ix86+x86_64 1.3.1 25.00 124.00 149.00 OK
r-oldrel-osx-x86_64 1.3.1 OK
r-oldrel-windows-ix86+x86_64 1.3.1 40.00 159.00 199.00 OK

Check Details

Version: 1.3.1
Check: installed package size
Result: NOTE
     installed size is 5.2Mb
     sub-directories of 1Mb or more:
     java 4.4Mb
Flavor: r-patched-solaris-x86