CRAN Package Check Results for Package rmarkdown

Last updated on 2021-04-15 09:50:13 CEST.

Flavor Version Tinstall Tcheck Ttotal Status Flags
r-devel-linux-x86_64-debian-clang 2.7 11.01 67.07 78.08 OK
r-devel-linux-x86_64-debian-gcc 2.7 8.58 50.69 59.27 OK
r-devel-linux-x86_64-fedora-clang 2.7 101.54 NOTE
r-devel-linux-x86_64-fedora-gcc 2.7 96.16 OK
r-devel-windows-ix86+x86_64 2.7 19.00 65.00 84.00 NOTE
r-devel-windows-x86_64-gcc10-UCRT 2.7 OK
r-patched-linux-x86_64 2.7 10.76 61.44 72.20 OK
r-patched-solaris-x86 2.7 126.40 NOTE
r-release-linux-x86_64 2.7 12.19 60.99 73.18 OK
r-release-macos-x86_64 2.7 NOTE
r-release-windows-ix86+x86_64 2.7 26.00 102.00 128.00 NOTE
r-oldrel-macos-x86_64 2.7 NOTE
r-oldrel-windows-ix86+x86_64 2.7 17.00 59.00 76.00 NOTE

Check Details

Version: 2.7
Check: installed package size
Result: NOTE
     installed size is 9.3Mb
     sub-directories of 1Mb or more:
     rmd 8.3Mb
Flavors: r-devel-linux-x86_64-fedora-clang, r-devel-windows-ix86+x86_64, r-patched-solaris-x86, r-release-macos-x86_64, r-release-windows-ix86+x86_64, r-oldrel-macos-x86_64, r-oldrel-windows-ix86+x86_64