CRAN Package Check Results for Package rlas

Last updated on 2021-04-15 09:50:13 CEST.

Flavor Version Tinstall Tcheck Ttotal Status Flags
r-devel-linux-x86_64-debian-clang 1.4.0 500.22 35.20 535.42 NOTE
r-devel-linux-x86_64-debian-gcc 1.4.0 275.90 27.73 303.63 NOTE
r-devel-linux-x86_64-fedora-clang 1.4.0 751.22 NOTE
r-devel-linux-x86_64-fedora-gcc 1.4.0 613.88 NOTE
r-devel-windows-ix86+x86_64 1.4.0 1108.00 83.00 1191.00 NOTE
r-devel-windows-x86_64-gcc10-UCRT 1.4.0 NOTE
r-patched-linux-x86_64 1.4.0 352.89 33.30 386.19 OK
r-patched-solaris-x86 1.4.0 476.60 OK
r-release-linux-x86_64 1.4.0 353.89 33.26 387.15 OK
r-release-macos-x86_64 1.4.0 NOTE
r-release-windows-ix86+x86_64 1.4.0 924.00 97.00 1021.00 NOTE
r-oldrel-macos-x86_64 1.4.0 NOTE
r-oldrel-windows-ix86+x86_64 1.4.0 1023.00 74.00 1097.00 NOTE

Check Details

Version: 1.4.0
Check: LazyData
Result: NOTE
     'LazyData' is specified without a 'data' directory
Flavors: r-devel-linux-x86_64-debian-clang, r-devel-linux-x86_64-debian-gcc, r-devel-linux-x86_64-fedora-clang, r-devel-linux-x86_64-fedora-gcc, r-devel-windows-ix86+x86_64, r-devel-windows-x86_64-gcc10-UCRT

Version: 1.4.0
Check: installed package size
Result: NOTE
     installed size is 11.3Mb
     sub-directories of 1Mb or more:
     libs 11.0Mb
Flavors: r-devel-linux-x86_64-fedora-clang, r-devel-windows-ix86+x86_64, r-release-macos-x86_64, r-release-windows-ix86+x86_64, r-oldrel-macos-x86_64, r-oldrel-windows-ix86+x86_64