CRAN Package Check Results for Package rjwsacruncher

Last updated on 2021-04-15 09:50:13 CEST.

Flavor Version Tinstall Tcheck Ttotal Status Flags
r-devel-linux-x86_64-debian-clang 0.1.0 2.28 23.41 25.69 NOTE
r-devel-linux-x86_64-debian-gcc 0.1.0 1.76 18.88 20.64 NOTE
r-devel-linux-x86_64-fedora-clang 0.1.0 41.19 NOTE
r-devel-linux-x86_64-fedora-gcc 0.1.0 31.51 NOTE
r-devel-windows-ix86+x86_64 0.1.0 6.00 33.00 39.00 NOTE
r-devel-windows-x86_64-gcc10-UCRT 0.1.0 NOTE
r-patched-linux-x86_64 0.1.0 1.83 23.06 24.89 OK
r-patched-solaris-x86 0.1.0 47.60 OK
r-release-linux-x86_64 0.1.0 2.00 22.73 24.73 OK
r-release-macos-x86_64 0.1.0 OK
r-release-windows-ix86+x86_64 0.1.0 5.00 41.00 46.00 OK
r-oldrel-macos-x86_64 0.1.0 OK
r-oldrel-windows-ix86+x86_64 0.1.0 4.00 28.00 32.00 OK

Check Details

Version: 0.1.0
Check: LazyData
Result: NOTE
     'LazyData' is specified without a 'data' directory
Flavors: r-devel-linux-x86_64-debian-clang, r-devel-linux-x86_64-debian-gcc, r-devel-linux-x86_64-fedora-clang, r-devel-linux-x86_64-fedora-gcc, r-devel-windows-ix86+x86_64, r-devel-windows-x86_64-gcc10-UCRT