CRAN Package Check Results for Package riverdist

Last updated on 2020-05-29 17:49:15 CEST.

Flavor Version Tinstall Tcheck Ttotal Status Flags
r-devel-linux-x86_64-debian-clang 0.15.1 12.14 138.80 150.94 WARN
r-devel-linux-x86_64-debian-gcc 0.15.1 11.51 104.23 115.74 WARN
r-devel-linux-x86_64-fedora-clang 0.15.1 189.54 WARN
r-devel-linux-x86_64-fedora-gcc 0.15.1 181.08 WARN
r-devel-windows-ix86+x86_64 0.15.1 25.00 206.00 231.00 WARN
r-patched-linux-x86_64 0.15.1 14.40 136.39 150.79 OK
r-patched-solaris-x86 0.15.1 237.50 NOTE
r-release-linux-x86_64 0.15.1 14.05 135.52 149.57 OK
r-release-osx-x86_64 0.15.1 OK
r-release-windows-ix86+x86_64 0.15.1 25.00 155.00 180.00 OK
r-oldrel-osx-x86_64 0.15.1 OK
r-oldrel-windows-ix86+x86_64 0.15.1 27.00 180.00 207.00 OK

Check Details

Version: 0.15.1
Check: whether package can be installed
Result: WARN
    Found the following significant warnings:
     Warning: S4 exports specified in 'NAMESPACE' but not defined in package 'riverdist'
Flavors: r-devel-linux-x86_64-debian-clang, r-devel-windows-ix86+x86_64

Version: 0.15.1
Check: whether the namespace can be loaded with stated dependencies
Result: NOTE
    Warning: S4 exports specified in 'NAMESPACE' but not defined in package 'riverdist'
    
    A namespace must be able to be loaded with just the base namespace
    loaded: otherwise if the namespace gets loaded by a saved object, the
    session will be unable to start.
    
    Probably some imports need to be declared in the NAMESPACE file.
Flavors: r-devel-linux-x86_64-debian-clang, r-devel-windows-ix86+x86_64

Version: 0.15.1
Check: whether the namespace can be loaded with stated dependencies
Result: WARN
    Warning: S4 exports specified in 'NAMESPACE' but not defined in package ‘riverdist’
Flavors: r-devel-linux-x86_64-debian-gcc, r-devel-linux-x86_64-fedora-clang, r-devel-linux-x86_64-fedora-gcc

Version: 0.15.1
Check: installed package size
Result: NOTE
     installed size is 5.3Mb
     sub-directories of 1Mb or more:
     data 3.6Mb
Flavor: r-patched-solaris-x86