CRAN Package Check Results for Package risksetROC

Last updated on 2021-04-15 09:50:13 CEST.

Flavor Version Tinstall Tcheck Ttotal Status Flags
r-devel-linux-x86_64-debian-clang 1.0.4 8.47 66.84 75.31 NOTE
r-devel-linux-x86_64-debian-gcc 1.0.4 6.67 51.14 57.81 NOTE
r-devel-linux-x86_64-fedora-clang 1.0.4 97.38 NOTE
r-devel-linux-x86_64-fedora-gcc 1.0.4 86.99 NOTE
r-devel-windows-ix86+x86_64 1.0.4 16.00 69.00 85.00 NOTE
r-devel-windows-x86_64-gcc10-UCRT 1.0.4 NOTE
r-patched-linux-x86_64 1.0.4 7.46 61.40 68.86 NOTE
r-patched-solaris-x86 1.0.4 130.40 NOTE
r-release-linux-x86_64 1.0.4 6.82 60.79 67.61 NOTE
r-release-macos-x86_64 1.0.4 NOTE
r-release-windows-ix86+x86_64 1.0.4 14.00 90.00 104.00 NOTE
r-oldrel-macos-x86_64 1.0.4 NOTE
r-oldrel-windows-ix86+x86_64 1.0.4 14.00 61.00 75.00 NOTE

Check Details

Version: 1.0.4
Check: R code for possible problems
Result: NOTE
    KM.plot: no visible global function definition for 'lines'
    SchoenSmooth: no visible global function definition for 'lm'
    llCoxReg: no visible binding for global variable 'time'
    risksetAUC: no visible global function definition for 'abline'
    risksetROC: no visible global function definition for 'abline'
    weightedKM: no visible binding for global variable 'time'
    Undefined global functions or variables:
     abline lines lm time
    Consider adding
     importFrom("graphics", "abline", "lines")
     importFrom("stats", "lm", "time")
    to your NAMESPACE file.
Flavors: r-devel-linux-x86_64-debian-clang, r-devel-linux-x86_64-debian-gcc, r-devel-linux-x86_64-fedora-clang, r-devel-linux-x86_64-fedora-gcc, r-devel-windows-ix86+x86_64, r-devel-windows-x86_64-gcc10-UCRT, r-patched-linux-x86_64, r-patched-solaris-x86, r-release-linux-x86_64, r-release-macos-x86_64, r-release-windows-ix86+x86_64

Version: 1.0.4
Check: R code for possible problems
Result: NOTE
    KM.plot: no visible global function definition for ‘plot’
    KM.plot: no visible global function definition for ‘lines’
    SchoenSmooth: no visible global function definition for ‘lm’
    llCoxReg: no visible binding for global variable ‘time’
    risksetAUC: no visible global function definition for ‘abline’
    risksetROC: no visible global function definition for ‘abline’
    weightedKM: no visible binding for global variable ‘time’
    Undefined global functions or variables:
     abline lines lm plot time
    Consider adding
     importFrom("graphics", "abline", "lines", "plot")
     importFrom("stats", "lm", "time")
    to your NAMESPACE file.
Flavors: r-oldrel-macos-x86_64, r-oldrel-windows-ix86+x86_64