CRAN Package Check Results for Package riskRegression

Last updated on 2020-03-30 20:48:40 CEST.

Flavor Version Tinstall Tcheck Ttotal Status Flags
r-devel-linux-x86_64-debian-clang 2020.02.05 211.55 527.47 739.02 OK
r-devel-linux-x86_64-debian-gcc 2020.02.05 137.36 494.08 631.44 OK
r-devel-linux-x86_64-fedora-clang 2020.02.05 796.63 NOTE
r-devel-linux-x86_64-fedora-gcc 2020.02.05 737.26 OK
r-devel-windows-ix86+x86_64 2020.02.05 376.00 584.00 960.00 OK
r-devel-windows-ix86+x86_64-gcc8 2020.02.05 388.00 643.00 1031.00 OK
r-patched-linux-x86_64 2020.02.05 146.28 496.36 642.64 OK
r-patched-solaris-x86 2020.02.05 861.00 OK
r-release-linux-x86_64 2020.02.05 149.38 456.92 606.30 OK
r-release-windows-ix86+x86_64 2020.02.05 524.00 822.00 1346.00 OK
r-release-osx-x86_64 2020.02.05 NOTE
r-oldrel-windows-ix86+x86_64 2020.02.05 425.00 810.00 1235.00 OK
r-oldrel-osx-x86_64 2020.02.05 NOTE

Check Details

Version: 2020.02.05
Check: installed package size
Result: NOTE
     installed size is 8.5Mb
     sub-directories of 1Mb or more:
     libs 7.2Mb
Flavors: r-devel-linux-x86_64-fedora-clang, r-release-osx-x86_64, r-oldrel-osx-x86_64