CRAN Package Check Results for Package riskCommunicator

Last updated on 2021-04-15 09:50:13 CEST.

Flavor Version Tinstall Tcheck Ttotal Status Flags
r-devel-linux-x86_64-debian-clang 0.1.0 7.00 437.64 444.64 OK
r-devel-linux-x86_64-debian-gcc 0.1.0 4.66 320.76 325.42 OK
r-devel-linux-x86_64-fedora-clang 0.1.0 506.85 NOTE
r-devel-linux-x86_64-fedora-gcc 0.1.0 512.85 NOTE
r-devel-windows-ix86+x86_64 0.1.0 17.00 418.00 435.00 OK
r-devel-windows-x86_64-gcc10-UCRT 0.1.0 NOTE
r-patched-linux-x86_64 0.1.0 6.32 433.48 439.80 OK
r-patched-solaris-x86 0.1.0 807.00 NOTE
r-release-linux-x86_64 0.1.0 6.83 425.01 431.84 OK
r-release-macos-x86_64 0.1.0 NOTE
r-release-windows-ix86+x86_64 0.1.0 19.00 544.00 563.00 OK
r-oldrel-macos-x86_64 0.1.0 NOTE
r-oldrel-windows-ix86+x86_64 0.1.0 9.00 407.00 416.00 OK

Check Details

Version: 0.1.0
Check: dependencies in R code
Result: NOTE
    Namespace in Imports field not imported from: ‘tidyverse’
     All declared Imports should be used.
Flavors: r-devel-linux-x86_64-fedora-clang, r-devel-linux-x86_64-fedora-gcc, r-devel-windows-x86_64-gcc10-UCRT, r-patched-solaris-x86, r-release-macos-x86_64, r-oldrel-macos-x86_64