CRAN Package Check Results for Package rhmmer

Last updated on 2020-03-30 20:48:40 CEST.

Flavor Version Tinstall Tcheck Ttotal Status Flags
r-devel-linux-x86_64-debian-clang 0.1.0 2.17 25.11 27.28 OK
r-devel-linux-x86_64-debian-gcc 0.1.0 1.72 19.59 21.31 OK
r-devel-linux-x86_64-fedora-clang 0.1.0 33.14 NOTE
r-devel-linux-x86_64-fedora-gcc 0.1.0 32.19 NOTE
r-devel-windows-ix86+x86_64 0.1.0 8.00 37.00 45.00 OK
r-devel-windows-ix86+x86_64-gcc8 0.1.0 7.00 39.00 46.00 OK
r-patched-linux-x86_64 0.1.0 1.99 24.08 26.07 OK
r-patched-solaris-x86 0.1.0 51.70 NOTE
r-release-linux-x86_64 0.1.0 1.45 22.79 24.24 OK
r-release-windows-ix86+x86_64 0.1.0 8.00 63.00 71.00 OK
r-release-osx-x86_64 0.1.0 NOTE
r-oldrel-windows-ix86+x86_64 0.1.0 6.00 51.00 57.00 OK
r-oldrel-osx-x86_64 0.1.0 NOTE

Check Details

Version: 0.1.0
Check: dependencies in R code
Result: NOTE
    Namespace in Imports field not imported from: ‘dplyr’
     All declared Imports should be used.
Flavors: r-devel-linux-x86_64-fedora-clang, r-devel-linux-x86_64-fedora-gcc, r-patched-solaris-x86, r-release-osx-x86_64, r-oldrel-osx-x86_64