CRAN Package Check Results for Package rgoogleslides

Last updated on 2021-06-16 09:53:35 CEST.

Flavor Version Tinstall Tcheck Ttotal Status Flags
r-devel-linux-x86_64-debian-clang 0.3.2 4.26 27.65 31.91 NOTE
r-devel-linux-x86_64-debian-gcc 0.3.2 4.27 21.73 26.00 NOTE
r-devel-linux-x86_64-fedora-clang 0.3.2 49.01 NOTE
r-devel-linux-x86_64-fedora-gcc 0.3.2 38.54 NOTE
r-devel-windows-x86_64 0.3.2 8.00 44.00 52.00 NOTE
r-devel-windows-x86_64-gcc10-UCRT 0.3.2 NOTE
r-patched-linux-x86_64 0.3.2 8.41 26.59 35.00 NOTE
r-patched-solaris-x86 0.3.2 55.80 NOTE
r-release-linux-x86_64 0.3.2 4.15 26.75 30.90 NOTE
r-release-macos-arm64 0.3.2 NOTE
r-release-macos-x86_64 0.3.2 NOTE
r-release-windows-ix86+x86_64 0.3.2 10.00 44.00 54.00 NOTE
r-oldrel-macos-x86_64 0.3.2 OK
r-oldrel-windows-ix86+x86_64 0.3.2 18.00 44.00 62.00 OK

Check Details

Version: 0.3.2
Check: LazyData
Result: NOTE
     'LazyData' is specified without a 'data' directory
Flavors: r-devel-linux-x86_64-debian-clang, r-devel-linux-x86_64-debian-gcc, r-devel-linux-x86_64-fedora-clang, r-devel-linux-x86_64-fedora-gcc, r-devel-windows-x86_64, r-devel-windows-x86_64-gcc10-UCRT, r-patched-linux-x86_64, r-patched-solaris-x86, r-release-linux-x86_64, r-release-macos-arm64, r-release-macos-x86_64, r-release-windows-ix86+x86_64