CRAN Package Check Results for Package rglobi

Last updated on 2020-07-06 21:50:36 CEST.

Flavor Version Tinstall Tcheck Ttotal Status Flags
r-devel-linux-x86_64-debian-clang 0.2.21 2.99 32.86 35.85 OK
r-devel-linux-x86_64-debian-gcc 0.2.21 2.69 25.95 28.64 OK
r-devel-linux-x86_64-fedora-clang 0.2.21 49.77 OK
r-devel-linux-x86_64-fedora-gcc 0.2.21 42.94 OK
r-devel-windows-ix86+x86_64 0.2.21 12.00 47.00 59.00 OK
r-patched-linux-x86_64 0.2.21 3.07 32.30 35.37 OK
r-patched-solaris-x86 0.2.21 65.60 OK
r-release-linux-x86_64 0.2.21 2.81 32.68 35.49 OK
r-release-osx-x86_64 0.2.21 OK
r-release-windows-ix86+x86_64 0.2.21 8.00 48.00 56.00 OK
r-oldrel-osx-x86_64 0.2.21 OK
r-oldrel-windows-ix86+x86_64 0.2.21 36.00 263.00 299.00 ERROR

Check Details

Version: 0.2.21
Check: tests
Result: ERROR
     Running 'testthat.R' [191s]
    Running the tests in 'tests/testthat.R' failed.
    Complete output:
     > library(testthat)
     > test_check("rglobi")
     Loading required package: rglobi
     -- 1. Error: cypher query (@test-globi.R#22) ----------------------------------
     unexpected character '<'
     Backtrace:
     1. rglobi::query("START taxon = node:taxons(name='Homo sapiens') RETURN taxon.name as `name`, taxon.path as `path` LIMIT 1")
     2. rjson::fromJSON(h$value())
    
     -- 2. Error: no result cypher query (@test-globi.R#30) ------------------------
     unexpected character '<'
     Backtrace:
     1. rglobi::query("START predatorTaxon = node:taxons(name='Calisto hysius') MATCH preyTaxon<-[:CLASSIFIED_AS]-prey<-[:ATE|PREYED_ON]-predator-[:CLASSIFIED_AS]->predatorTaxon WHERE has(preyTaxon.path) RETURN distinct(preyTaxon.name), preyTaxon.path as `prey.taxon.path`")
     2. rjson::fromJSON(h$value())
    
     == testthat results ===========================================================
     [ OK: 28 | SKIPPED: 2 | WARNINGS: 0 | FAILED: 2 ]
     1. Error: cypher query (@test-globi.R#22)
     2. Error: no result cypher query (@test-globi.R#30)
    
     Error: testthat unit tests failed
     Execution halted
Flavor: r-oldrel-windows-ix86+x86_64