CRAN Package Check Results for Package rgeoda

Last updated on 2021-06-16 09:53:35 CEST.

Flavor Version Tinstall Tcheck Ttotal Status Flags
r-devel-linux-x86_64-debian-clang 0.0.8-1 253.01 44.96 297.97 OK
r-devel-linux-x86_64-debian-gcc 0.0.8-1 170.01 35.21 205.22 OK
r-devel-linux-x86_64-fedora-clang 0.0.8-1 453.26 NOTE
r-devel-linux-x86_64-fedora-gcc 0.0.8-1 381.10 OK
r-devel-windows-x86_64 0.0.8-1 302.00 89.00 391.00 OK
r-devel-windows-x86_64-gcc10-UCRT 0.0.8-1 ERROR
r-patched-linux-x86_64 0.0.8-1 201.77 43.06 244.83 OK
r-patched-solaris-x86 0.0.8-1 330.70 OK
r-release-linux-x86_64 0.0.8-1 205.08 43.82 248.90 OK
r-release-macos-arm64 0.0.8-1 NOTE
r-release-macos-x86_64 0.0.8-1 NOTE
r-release-windows-ix86+x86_64 0.0.8-1 581.00 111.00 692.00 NOTE
r-oldrel-macos-x86_64 0.0.8-1 NOTE
r-oldrel-windows-ix86+x86_64 0.0.8-1 533.00 111.00 644.00 NOTE

Check Details

Version: 0.0.8-1
Check: installed package size
Result: NOTE
     installed size is 22.9Mb
     sub-directories of 1Mb or more:
     libs 21.6Mb
Flavors: r-devel-linux-x86_64-fedora-clang, r-release-macos-arm64, r-release-macos-x86_64, r-release-windows-ix86+x86_64, r-oldrel-macos-x86_64, r-oldrel-windows-ix86+x86_64

Version: 0.0.8-1
Check: package dependencies
Result: ERROR
    Package required but not available: 'sf'
    
    See section 'The DESCRIPTION file' in the 'Writing R Extensions'
    manual.
Flavor: r-devel-windows-x86_64-gcc10-UCRT