CRAN Package Check Results for Package rgee

Last updated on 2021-06-22 09:51:51 CEST.

Flavor Version Tinstall Tcheck Ttotal Status Flags
r-devel-linux-x86_64-debian-clang 1.0.9 18.12 112.40 130.52 OK
r-devel-linux-x86_64-debian-gcc 1.0.9 15.47 85.54 101.01 OK
r-devel-linux-x86_64-fedora-clang 1.0.9 170.62 NOTE
r-devel-linux-x86_64-fedora-gcc 1.0.9 163.69 NOTE
r-devel-windows-x86_64 1.0.9 27.00 131.00 158.00 OK
r-devel-windows-x86_64-gcc10-UCRT 1.0.9 NOTE
r-patched-linux-x86_64 1.0.9 18.82 109.55 128.37 OK
r-patched-solaris-x86 1.0.9 217.60 NOTE
r-release-linux-x86_64 1.0.9 15.13 109.12 124.25 OK
r-release-macos-arm64 1.0.9 NOTE
r-release-macos-x86_64 1.0.9 NOTE
r-release-windows-ix86+x86_64 1.0.9 33.00 154.00 187.00 OK
r-oldrel-macos-x86_64 1.0.9 NOTE

Check Details

Version: 1.0.9
Check: installed package size
Result: NOTE
     installed size is 5.0Mb
     sub-directories of 1Mb or more:
     doc 3.6Mb
Flavors: r-devel-linux-x86_64-fedora-clang, r-patched-solaris-x86

Version: 1.0.9
Check: dependencies in R code
Result: NOTE
    Namespace in Imports field not imported from: ‘R6’
     All declared Imports should be used.
Flavors: r-devel-linux-x86_64-fedora-clang, r-devel-linux-x86_64-fedora-gcc, r-devel-windows-x86_64-gcc10-UCRT, r-patched-solaris-x86, r-release-macos-arm64, r-release-macos-x86_64, r-oldrel-macos-x86_64

Version: 1.0.9
Check: package dependencies
Result: NOTE
    Packages suggested but not available for checking:
     'magick', 'geojsonio', 'googledrive', 'googleCloudStorageR', 'httr',
     'covr'
Flavor: r-devel-windows-x86_64-gcc10-UCRT

Version: 1.0.9
Check: Rd cross-references
Result: NOTE
    Package unavailable to check Rd xrefs: 'magick'
Flavor: r-devel-windows-x86_64-gcc10-UCRT