CRAN Package Check Results for Package rgdal

Last updated on 2020-03-30 20:48:40 CEST.

Flavor Version Tinstall Tcheck Ttotal Status Flags
r-devel-linux-x86_64-debian-clang 1.4-8 35.75 87.30 123.05 OK
r-devel-linux-x86_64-debian-gcc 1.4-8 20.98 71.59 92.57 OK
r-devel-linux-x86_64-fedora-clang 1.4-8 152.68 OK
r-devel-linux-x86_64-fedora-gcc 1.4-8 143.59 OK
r-devel-windows-ix86+x86_64 1.4-8 128.00 391.00 519.00 NOTE
r-devel-windows-ix86+x86_64-gcc8 1.4-8 134.00 399.00 533.00 NOTE
r-patched-linux-x86_64 1.4-8 26.75 87.14 113.89 OK
r-patched-solaris-x86 1.4-8 195.80 OK
r-release-linux-x86_64 1.4-8 26.19 82.59 108.78 OK
r-release-windows-ix86+x86_64 1.4-8 145.00 559.00 704.00 NOTE
r-release-osx-x86_64 1.4-8 NOTE
r-oldrel-windows-ix86+x86_64 1.4-8 159.00 526.00 685.00 NOTE
r-oldrel-osx-x86_64 1.4-8 NOTE

Check Details

Version: 1.4-8
Check: installed package size
Result: NOTE
     installed size is 80.3Mb
     sub-directories of 1Mb or more:
     gdal 3.9Mb
     libs 68.7Mb
     pictures 1.3Mb
     proj 5.0Mb
Flavors: r-devel-windows-ix86+x86_64, r-devel-windows-ix86+x86_64-gcc8, r-release-windows-ix86+x86_64, r-release-osx-x86_64, r-oldrel-windows-ix86+x86_64, r-oldrel-osx-x86_64