CRAN Package Check Results for Package rgbif

Last updated on 2020-07-06 21:50:36 CEST.

Flavor Version Tinstall Tcheck Ttotal Status Flags
r-devel-linux-x86_64-debian-clang 3.1.0 13.95 128.82 142.77 OK
r-devel-linux-x86_64-debian-gcc 3.1.0 12.83 100.05 112.88 OK
r-devel-linux-x86_64-fedora-clang 3.1.0 177.47 NOTE
r-devel-linux-x86_64-fedora-gcc 3.1.0 177.21 OK
r-devel-windows-ix86+x86_64 3.1.0 37.00 147.00 184.00 OK
r-patched-linux-x86_64 3.1.0 14.14 127.62 141.76 OK
r-patched-solaris-x86 3.1.0 239.10 NOTE
r-release-linux-x86_64 3.1.0 12.92 129.05 141.97 OK
r-release-osx-x86_64 3.0.0 OK
r-release-windows-ix86+x86_64 3.1.0 45.00 230.00 275.00 OK
r-oldrel-osx-x86_64 3.1.0 OK
r-oldrel-windows-ix86+x86_64 3.0.0 34.00 192.00 226.00 OK

Check Details

Version: 3.1.0
Check: Rd cross-references
Result: NOTE
    Undeclared package ‘curl’ in Rd xrefs
Flavor: r-devel-linux-x86_64-fedora-clang

Version: 3.1.0
Check: installed package size
Result: NOTE
     installed size is 5.3Mb
     sub-directories of 1Mb or more:
     doc 1.7Mb
     help 2.3Mb
Flavor: r-patched-solaris-x86