CRAN Package Check Results for Package rfml

Last updated on 2021-04-15 09:50:13 CEST.

Flavor Version Tinstall Tcheck Ttotal Status Flags
r-devel-linux-x86_64-debian-clang 0.1.0 7.31 58.44 65.75 NOTE
r-devel-linux-x86_64-debian-gcc 0.1.0 5.62 43.92 49.54 NOTE
r-devel-linux-x86_64-fedora-clang 0.1.0 84.44 NOTE
r-devel-linux-x86_64-fedora-gcc 0.1.0 76.27 NOTE
r-devel-windows-ix86+x86_64 0.1.0 16.00 67.00 83.00 NOTE
r-devel-windows-x86_64-gcc10-UCRT 0.1.0 NOTE
r-patched-linux-x86_64 0.1.0 6.83 53.46 60.29 OK
r-patched-solaris-x86 0.1.0 106.70 OK
r-release-linux-x86_64 0.1.0 7.46 53.80 61.26 OK
r-release-macos-x86_64 0.1.0 OK
r-release-windows-ix86+x86_64 0.1.0 20.00 78.00 98.00 OK
r-oldrel-macos-x86_64 0.1.0 OK
r-oldrel-windows-ix86+x86_64 0.1.0 14.00 58.00 72.00 OK

Check Details

Version: 0.1.0
Check: LazyData
Result: NOTE
     'LazyData' is specified without a 'data' directory
Flavors: r-devel-linux-x86_64-debian-clang, r-devel-linux-x86_64-debian-gcc, r-devel-linux-x86_64-fedora-clang, r-devel-linux-x86_64-fedora-gcc, r-devel-windows-ix86+x86_64, r-devel-windows-x86_64-gcc10-UCRT