CRAN Package Check Results for Package rflights

Last updated on 2020-02-28 22:53:45 CET.

Flavor Version Tinstall Tcheck Ttotal Status Flags
r-devel-linux-x86_64-debian-clang 0.1.103 2.10 26.22 28.32 OK
r-devel-linux-x86_64-debian-gcc 0.1.103 1.61 21.08 22.69 OK
r-devel-linux-x86_64-fedora-clang 0.1.103 34.71 NOTE
r-devel-linux-x86_64-fedora-gcc 0.1.103 33.72 NOTE
r-devel-windows-ix86+x86_64 0.1.103 11.00 47.00 58.00 OK
r-devel-windows-ix86+x86_64-gcc8 0.1.103 7.00 43.00 50.00 OK
r-patched-linux-x86_64 0.1.103 1.50 24.02 25.52 OK
r-patched-solaris-x86 0.1.103 51.60 NOTE
r-release-linux-x86_64 0.1.103 1.46 24.15 25.61 OK
r-release-windows-ix86+x86_64 0.1.103 4.00 85.00 89.00 OK
r-release-osx-x86_64 0.1.103 NOTE
r-oldrel-windows-ix86+x86_64 0.1.103 3.00 70.00 73.00 OK
r-oldrel-osx-x86_64 0.1.103 NOTE

Check Details

Version: 0.1.103
Check: data for non-ASCII characters
Result: NOTE
     Note: found 5 marked UTF-8 strings
Flavors: r-devel-linux-x86_64-fedora-clang, r-devel-linux-x86_64-fedora-gcc, r-patched-solaris-x86, r-release-osx-x86_64, r-oldrel-osx-x86_64