CRAN Package Check Results for Package restrictedMVN

Last updated on 2021-04-15 09:50:13 CEST.

Flavor Version Tinstall Tcheck Ttotal Status Flags
r-devel-linux-x86_64-debian-clang 1.0 2.59 33.65 36.24 OK
r-devel-linux-x86_64-debian-gcc 1.0 2.03 24.61 26.64 OK
r-devel-linux-x86_64-fedora-clang 1.0 53.65 NOTE
r-devel-linux-x86_64-fedora-gcc 1.0 42.45 NOTE
r-devel-windows-ix86+x86_64 1.0 8.00 55.00 63.00 OK
r-devel-windows-x86_64-gcc10-UCRT 1.0 ERROR
r-patched-linux-x86_64 1.0 2.59 31.75 34.34 OK
r-patched-solaris-x86 1.0 65.50 OK
r-release-linux-x86_64 1.0 2.20 31.51 33.71 OK
r-release-macos-x86_64 1.0 OK
r-release-windows-ix86+x86_64 1.0 7.00 66.00 73.00 OK
r-oldrel-macos-x86_64 1.0 OK
r-oldrel-windows-ix86+x86_64 1.0 7.00 45.00 52.00 OK

Check Details

Version: 1.0
Check: compiled code
Result: NOTE
    File ‘restrictedMVN/libs/restrictedMVN.so’:
     Found no calls to: ‘R_registerRoutines’, ‘R_useDynamicSymbols’
    
    It is good practice to register native routines and to disable symbol
    search.
    
    See ‘Writing portable packages’ in the ‘Writing R Extensions’ manual.
Flavors: r-devel-linux-x86_64-fedora-clang, r-devel-linux-x86_64-fedora-gcc

Version: 1.0
Check: tests
Result: ERROR
     Running 'test-all.R'
    Running the tests in 'tests/test-all.R' failed.
    Complete output:
     > library(testthat)
     >
     > test_check("restrictedMVN")
     Loading required package: restrictedMVN
     == Failed tests ================================================================
     -- Failure (test-similartorejection.R:32:3): results are similar to rejection multivariate --
     sum(abs(mean_restricted - mean_restricted_rej) <= 0.01) not equal to 3.
     1/1 mismatches
     [1] 2 - 3 == -1
    
     [ FAIL 1 | WARN 0 | SKIP 0 | PASS 5 ]
     Error: Test failures
     Execution halted
Flavor: r-devel-windows-x86_64-gcc10-UCRT