CRAN Package Check Results for Package restfulr

Last updated on 2021-04-15 09:50:13 CEST.

Flavor Version Tinstall Tcheck Ttotal Status Flags
r-devel-linux-x86_64-debian-clang 0.0.13 12.41 77.05 89.46 OK --no-tests
r-devel-linux-x86_64-debian-gcc 0.0.13 10.67 59.26 69.93 OK --no-tests
r-devel-linux-x86_64-fedora-clang 0.0.13 116.32 OK --no-tests
r-devel-linux-x86_64-fedora-gcc 0.0.13 105.43 OK --no-tests
r-devel-windows-ix86+x86_64 0.0.13 28.00 99.00 127.00 OK --no-examples --no-tests --no-vignettes
r-devel-windows-x86_64-gcc10-UCRT 0.0.13 OK
r-patched-linux-x86_64 0.0.13 13.11 73.09 86.20 OK --no-tests
r-patched-solaris-x86 0.0.13 167.00 NOTE
r-release-linux-x86_64 0.0.13 12.52 70.68 83.20 OK --no-tests
r-release-macos-x86_64 0.0.13 OK
r-release-windows-ix86+x86_64 0.0.13 24.00 11.00 35.00 ERROR --no-examples --no-tests --no-vignettes
r-oldrel-macos-x86_64 0.0.13 NOTE
r-oldrel-windows-ix86+x86_64 0.0.13 24.00 70.00 94.00 OK --no-examples --no-tests --no-vignettes

Check Details

Version: 0.0.13
Check: package dependencies
Result: NOTE
    Package suggested but not available for checking: ‘rsolr’
Flavors: r-patched-solaris-x86, r-oldrel-macos-x86_64

Version: 0.0.13
Flags: --no-examples --no-tests --no-vignettes
Check: whether package can be installed
Result: ERROR
Flavor: r-release-windows-ix86+x86_64