CRAN Package Check Results for Package resemble

Last updated on 2020-03-30 20:48:40 CEST.

Flavor Version Tinstall Tcheck Ttotal Status Flags
r-devel-linux-x86_64-debian-clang 1.2.2 100.88 44.12 145.00 WARN
r-devel-linux-x86_64-debian-gcc 1.2.2 68.64 34.32 102.96 OK
r-devel-linux-x86_64-fedora-clang 1.2.2 193.35 WARN
r-devel-linux-x86_64-fedora-gcc 1.2.2 181.67 NOTE
r-devel-windows-ix86+x86_64 1.2.2 155.00 80.00 235.00 OK
r-devel-windows-ix86+x86_64-gcc8 1.2.2 166.00 86.00 252.00 OK
r-patched-linux-x86_64 1.2.2 80.44 43.18 123.62 OK
r-patched-solaris-x86 1.2.2 174.50 OK
r-release-linux-x86_64 1.2.2 74.57 41.25 115.82 OK
r-release-windows-ix86+x86_64 1.2.2 216.00 110.00 326.00 OK
r-release-osx-x86_64 1.2.2 WARN
r-oldrel-windows-ix86+x86_64 1.2.2 191.00 100.00 291.00 OK
r-oldrel-osx-x86_64 1.2.2 OK

Check Details

Version: 1.2.2
Check: whether package can be installed
Result: WARN
    Found the following significant warnings:
     regalg.cpp:215:10: warning: explicitly assigning value of variable of type 'arma::mat' (aka 'Mat<double>') to itself [-Wself-assign-overloaded]
     regalg.cpp:454:10: warning: explicitly assigning value of variable of type 'arma::mat' (aka 'Mat<double>') to itself [-Wself-assign-overloaded]
Flavors: r-devel-linux-x86_64-debian-clang, r-devel-linux-x86_64-fedora-clang, r-release-osx-x86_64

Version: 1.2.2
Check: installed package size
Result: NOTE
     installed size is 6.6Mb
     sub-directories of 1Mb or more:
     libs 6.2Mb
Flavors: r-devel-linux-x86_64-fedora-clang, r-release-osx-x86_64

Version: 1.2.2
Check: compiled code
Result: NOTE
    File ‘resemble/libs/resemble.so’:
     Found no calls to: ‘R_registerRoutines’, ‘R_useDynamicSymbols’
    
    It is good practice to register native routines and to disable symbol
    search.
    
    See ‘Writing portable packages’ in the ‘Writing R Extensions’ manual.
Flavors: r-devel-linux-x86_64-fedora-clang, r-devel-linux-x86_64-fedora-gcc