CRAN Package Check Results for Package replicateBE

Last updated on 2021-06-24 09:52:43 CEST.

Flavor Version Tinstall Tcheck Ttotal Status Flags
r-devel-linux-x86_64-debian-clang 1.1.0 14.33 190.31 204.64 OK
r-devel-linux-x86_64-debian-gcc 1.1.0 12.27 125.89 138.16 OK
r-devel-linux-x86_64-fedora-clang 1.1.0 148.99 OK
r-devel-linux-x86_64-fedora-gcc 1.1.0 242.39 OK
r-devel-windows-x86_64 1.1.0 4.00 9.00 13.00 ERROR
r-devel-windows-x86_64-gcc10-UCRT 1.1.0 WARN
r-patched-linux-x86_64 1.0.17 15.19 180.82 196.01 OK
r-patched-solaris-x86 1.1.0 348.10 OK
r-release-linux-x86_64 1.1.0 14.83 176.34 191.17 OK
r-release-macos-arm64 1.0.17 OK
r-release-macos-x86_64 1.1.0 OK
r-release-windows-ix86+x86_64 1.0.17 23.00 168.00 191.00 OK
r-oldrel-macos-x86_64 1.1.0 OK

Check Details

Version: 1.1.0
Check: whether package can be installed
Result: ERROR
    Installation failed.
Flavor: r-devel-windows-x86_64

Version: 1.1.0
Check: package dependencies
Result: NOTE
    Package suggested but not available for checking: 'devtools'
Flavor: r-devel-windows-x86_64-gcc10-UCRT

Version: 1.1.0
Check: re-building of vignette outputs
Result: WARN
    Error(s) in re-building vignettes:
     ...
    --- re-building 'vignette.Rmd' using rmarkdown
    Quitting from lines 515-517 (vignette.Rmd)
    Error: processing vignette 'vignette.Rmd' failed with diagnostics:
    there is no package called 'devtools'
    --- failed re-building 'vignette.Rmd'
    
    SUMMARY: processing the following file failed:
     'vignette.Rmd'
    
    Error: Vignette re-building failed.
    Execution halted
Flavor: r-devel-windows-x86_64-gcc10-UCRT