CRAN Package Check Results for Package remedy

Last updated on 2021-06-14 08:49:48 CEST.

Flavor Version Tinstall Tcheck Ttotal Status Flags
r-devel-linux-x86_64-debian-clang 0.1.0 3.90 41.38 45.28 NOTE
r-devel-linux-x86_64-debian-gcc 0.1.0 3.16 31.29 34.45 NOTE
r-devel-linux-x86_64-fedora-clang 0.1.0 63.29 NOTE
r-devel-linux-x86_64-fedora-gcc 0.1.0 52.29 NOTE
r-devel-windows-x86_64 0.1.0 7.00 59.00 66.00 NOTE
r-devel-windows-x86_64-gcc10-UCRT 0.1.0 NOTE
r-patched-linux-x86_64 0.1.0 3.88 39.64 43.52 NOTE
r-patched-solaris-x86 0.1.0 80.40 NOTE
r-release-linux-x86_64 0.1.0 3.38 39.95 43.33 NOTE
r-release-macos-arm64 0.1.0 NOTE
r-release-macos-x86_64 0.1.0 NOTE
r-release-windows-ix86+x86_64 0.1.0 17.00 61.00 78.00 NOTE
r-oldrel-macos-x86_64 0.1.0 OK
r-oldrel-windows-ix86+x86_64 0.1.0 15.00 59.00 74.00 OK

Check Details

Version: 0.1.0
Check: LazyData
Result: NOTE
     'LazyData' is specified without a 'data' directory
Flavors: r-devel-linux-x86_64-debian-clang, r-devel-linux-x86_64-debian-gcc, r-devel-linux-x86_64-fedora-clang, r-devel-linux-x86_64-fedora-gcc, r-devel-windows-x86_64, r-devel-windows-x86_64-gcc10-UCRT, r-patched-linux-x86_64, r-patched-solaris-x86, r-release-linux-x86_64, r-release-macos-arm64, r-release-macos-x86_64, r-release-windows-ix86+x86_64