CRAN Package Check Results for Package regressoR

Last updated on 2020-05-28 03:48:38 CEST.

Flavor Version Tinstall Tcheck Ttotal Status Flags
r-devel-linux-x86_64-debian-clang 1.1.8 7.14 58.20 65.34 OK
r-devel-linux-x86_64-debian-gcc 1.1.8 5.94 44.55 50.49 OK
r-devel-linux-x86_64-fedora-clang 1.1.8 87.85 NOTE
r-devel-linux-x86_64-fedora-gcc 1.1.8 76.65 NOTE
r-devel-windows-ix86+x86_64 1.1.8 24.00 103.00 127.00 OK
r-patched-linux-x86_64 1.1.8 7.37 56.98 64.35 OK
r-patched-solaris-x86 1.1.8 100.10 NOTE
r-release-linux-x86_64 1.1.8 6.89 57.27 64.16 OK
r-release-osx-x86_64 1.1.8 NOTE
r-release-windows-ix86+x86_64 1.1.8 32.00 124.00 156.00 OK
r-oldrel-osx-x86_64 1.1.8 NOTE
r-oldrel-windows-ix86+x86_64 1.1.8 16.00 89.00 105.00 OK

Check Details

Version: 1.1.8
Check: package dependencies
Result: NOTE
    Imports includes 24 non-default packages.
    Importing from so many packages makes the package vulnerable to any of
    them becoming unavailable. Move as many as possible to Suggests and
    use conditionally.
Flavor: r-devel-linux-x86_64-fedora-clang

Version: 1.1.8
Check: dependencies in R code
Result: NOTE
    Namespaces in Imports field not imported from:
     ‘ROCR’ ‘colourpicker’ ‘corrplot’ ‘e1071’ ‘flexdashboard’ ‘gbm’
     ‘glmnet’ ‘kknn’ ‘neuralnet’ ‘rattle’ ‘rpart’ ‘shinyWidgets’
     ‘shinydashboardPlus’ ‘shinyjs’ ‘xgboost’ ‘zip’
     All declared Imports should be used.
Flavors: r-devel-linux-x86_64-fedora-clang, r-devel-linux-x86_64-fedora-gcc, r-patched-solaris-x86, r-release-osx-x86_64, r-oldrel-osx-x86_64