CRAN Package Check Results for Package regnet

Last updated on 2020-02-24 20:47:30 CET.

Flavor Version Tinstall Tcheck Ttotal Status Flags
r-devel-linux-x86_64-debian-clang 0.4.0 172.33 31.17 203.50 OK
r-devel-linux-x86_64-debian-gcc 0.4.0 115.49 25.11 140.60 OK
r-devel-linux-x86_64-fedora-clang 0.4.0 275.09 NOTE
r-devel-linux-x86_64-fedora-gcc 0.4.0 264.11 OK
r-devel-windows-ix86+x86_64 0.4.0 299.00 60.00 359.00 OK
r-devel-windows-ix86+x86_64-gcc8 0.4.0 461.00 64.00 525.00 OK
r-patched-linux-x86_64 0.4.0 142.46 28.57 171.03 OK
r-patched-solaris-x86 0.4.0 242.30 OK
r-release-linux-x86_64 0.4.0 140.23 28.39 168.62 OK
r-release-windows-ix86+x86_64 0.4.0 307.00 65.00 372.00 OK
r-release-osx-x86_64 0.4.0 NOTE
r-oldrel-windows-ix86+x86_64 0.4.0 340.00 63.00 403.00 OK
r-oldrel-osx-x86_64 0.4.0 NOTE

Check Details

Version: 0.4.0
Check: installed package size
Result: NOTE
     installed size is 6.0Mb
     sub-directories of 1Mb or more:
     data 1.6Mb
     libs 4.3Mb
Flavors: r-devel-linux-x86_64-fedora-clang, r-release-osx-x86_64, r-oldrel-osx-x86_64