CRAN Package Check Results for Package readwritesqlite

Last updated on 2021-06-20 09:50:04 CEST.

Flavor Version Tinstall Tcheck Ttotal Status Flags
r-devel-linux-x86_64-debian-clang 0.1.2 5.04 105.93 110.97 OK
r-devel-linux-x86_64-debian-gcc 0.1.2 4.40 79.99 84.39 OK
r-devel-linux-x86_64-fedora-clang 0.1.2 139.93 OK
r-devel-linux-x86_64-fedora-gcc 0.1.2 131.59 OK
r-devel-windows-x86_64 0.1.2 9.00 133.00 142.00 OK
r-devel-windows-x86_64-gcc10-UCRT 0.1.2 NOTE
r-patched-linux-x86_64 0.1.2 9.25 101.71 110.96 OK
r-patched-solaris-x86 0.1.2 171.00 OK
r-release-linux-x86_64 0.1.2 5.18 102.21 107.39 OK
r-release-macos-arm64 0.1.2 ERROR
r-release-macos-x86_64 0.1.2 OK
r-release-windows-ix86+x86_64 0.1.2 13.00 137.00 150.00 OK
r-oldrel-macos-x86_64 0.1.2 OK
r-oldrel-windows-ix86+x86_64 0.1.2 10.00 121.00 131.00 OK

Check Details

Version: 0.1.2
Check: package dependencies
Result: NOTE
    Package suggested but not available for checking: 'covr'
Flavor: r-devel-windows-x86_64-gcc10-UCRT

Version: 0.1.2
Check: package dependencies
Result: NOTE
    Package suggested but not available for checking: ‘sf’
Flavor: r-release-macos-arm64

Version: 0.1.2
Check: examples
Result: ERROR
    Running examples in ‘readwritesqlite-Ex.R’ failed
    The error most likely occurred in:
    
    > ### Name: rws_describe_meta.character
    > ### Title: Add Descriptions to SQL Meta Data Table
    > ### Aliases: rws_describe_meta.character
    >
    > ### ** Examples
    >
    > conn <- rws_connect()
    > rws_write(rws_data, exists = FALSE, conn = conn)
    Loading required namespace: units
    Error in loadNamespace(x) : there is no package called ‘sf’
    Calls: rws_write ... loadNamespace -> withRestarts -> withOneRestart -> doWithOneRestart
    Execution halted
Flavor: r-release-macos-arm64

Version: 0.1.2
Check: tests
Result: ERROR
     Running ‘testthat.R’ [6s/7s]
    Running the tests in ‘tests/testthat.R’ failed.
    Last 13 lines of output:
     5. ├─readwritesqlite:::rws_write.data.frame(local, exists = NA, conn = conn)
     6. │ └─readwritesqlite:::write_sqlite_data(...)
     7. │ └─readwritesqlite:::write_data(...)
     8. │ └─readwritesqlite:::convert_data(data)
     9. │ └─readwritesqlite:::sfc_to_blob(data)
     10. │ └─base::lapply(data[is_sfc], sf::st_as_binary, endian = "little")
     11. │ └─base::match.fun(FUN)
     12. └─base::loadNamespace(x)
     13. └─base::withRestarts(stop(cond), retry_loadNamespace = function() NULL)
     14. └─base:::withOneRestart(expr, restarts[[1L]])
     15. └─base:::doWithOneRestart(return(expr), restart)
    
     [ FAIL 88 | WARN 0 | SKIP 0 | PASS 186 ]
     Error: Test failures
     Execution halted
Flavor: r-release-macos-arm64

Version: 0.1.2
Check: re-building of vignette outputs
Result: WARN
    Error(s) in re-building vignettes:
     ...
    --- re-building ‘using-readwritesqlite.Rmd’ using rmarkdown
    Warning in engine$weave(file, quiet = quiet, encoding = enc) :
     Pandoc (>= 1.12.3) not available. Falling back to R Markdown v1.
    Quitting from lines 36-38 (using-readwritesqlite.Rmd)
    Error: processing vignette 'using-readwritesqlite.Rmd' failed with diagnostics:
    there is no package called 'sf'
    --- failed re-building ‘using-readwritesqlite.Rmd’
    
    SUMMARY: processing the following file failed:
     ‘using-readwritesqlite.Rmd’
    
    Error: Vignette re-building failed.
    Execution halted
Flavor: r-release-macos-arm64