CRAN Package Check Results for Package readobj

Last updated on 2021-06-22 09:51:50 CEST.

Flavor Version Tinstall Tcheck Ttotal Status Flags
r-devel-linux-x86_64-debian-clang 0.3.2 26.81 30.34 57.15 NOTE
r-devel-linux-x86_64-debian-gcc 0.3.2 19.05 23.53 42.58 NOTE
r-devel-linux-x86_64-fedora-clang 0.3.2 83.68 NOTE
r-devel-linux-x86_64-fedora-gcc 0.3.2 70.28 NOTE
r-devel-windows-x86_64 0.3.2 31.00 51.00 82.00 NOTE
r-devel-windows-x86_64-gcc10-UCRT 0.3.2 NOTE
r-patched-linux-x86_64 0.3.2 20.49 29.19 49.68 NOTE
r-patched-solaris-x86 0.3.2 85.70 NOTE
r-release-linux-x86_64 0.3.2 21.66 29.05 50.71 NOTE
r-release-macos-arm64 0.3.2 NOTE
r-release-macos-x86_64 0.3.2 NOTE
r-release-windows-ix86+x86_64 0.3.2 58.00 75.00 133.00 NOTE
r-oldrel-macos-x86_64 0.3.2 OK

Check Details

Version: 0.3.2
Check: LazyData
Result: NOTE
     'LazyData' is specified without a 'data' directory
Flavors: r-devel-linux-x86_64-debian-clang, r-devel-linux-x86_64-debian-gcc, r-devel-linux-x86_64-fedora-clang, r-devel-linux-x86_64-fedora-gcc, r-devel-windows-x86_64, r-devel-windows-x86_64-gcc10-UCRT, r-patched-linux-x86_64, r-patched-solaris-x86, r-release-linux-x86_64, r-release-macos-arm64, r-release-macos-x86_64, r-release-windows-ix86+x86_64