CRAN Package Check Results for Package readODS

Last updated on 2021-06-22 09:51:50 CEST.

Flavor Version Tinstall Tcheck Ttotal Status Flags
r-devel-linux-x86_64-debian-clang 1.7.0 2.29 39.37 41.66 OK
r-devel-linux-x86_64-debian-gcc 1.7.0 1.91 29.81 31.72 OK
r-devel-linux-x86_64-fedora-clang 1.7.0 58.48 OK
r-devel-linux-x86_64-fedora-gcc 1.7.0 48.55 OK
r-devel-windows-x86_64 1.7.0 4.00 51.00 55.00 OK
r-devel-windows-x86_64-gcc10-UCRT 1.7.0 NOTE
r-patched-linux-x86_64 1.7.0 6.85 37.93 44.78 OK
r-patched-solaris-x86 1.7.0 70.60 OK
r-release-linux-x86_64 1.7.0 2.36 37.23 39.59 OK
r-release-macos-arm64 1.7.0 OK
r-release-macos-x86_64 1.7.0 OK
r-release-windows-ix86+x86_64 1.7.0 5.00 57.00 62.00 OK
r-oldrel-macos-x86_64 1.7.0 OK

Check Details

Version: 1.7.0
Check: package dependencies
Result: NOTE
    Package suggested but not available for checking: 'covr'
Flavor: r-devel-windows-x86_64-gcc10-UCRT