CRAN Package Check Results for Package reactable

Last updated on 2020-02-27 17:51:07 CET.

Flavor Version Tinstall Tcheck Ttotal Status Flags
r-devel-linux-x86_64-debian-clang 0.1.0 3.35 34.22 37.57 ERROR
r-devel-linux-x86_64-debian-gcc 0.1.0 3.25 26.90 30.15 ERROR
r-devel-linux-x86_64-fedora-clang 0.1.0 47.32 OK
r-devel-linux-x86_64-fedora-gcc 0.1.0 44.77 OK
r-devel-windows-ix86+x86_64 0.1.0 8.00 55.00 63.00 OK
r-devel-windows-ix86+x86_64-gcc8 0.1.0 8.00 50.00 58.00 OK
r-patched-linux-x86_64 0.1.0 2.55 31.35 33.90 OK
r-patched-solaris-x86 0.1.0 62.80 OK
r-release-linux-x86_64 0.1.0 2.48 31.89 34.37 OK
r-release-windows-ix86+x86_64 0.1.0 7.00 47.00 54.00 OK
r-release-osx-x86_64 0.1.0 OK
r-oldrel-windows-ix86+x86_64 0.1.0 7.00 47.00 54.00 OK
r-oldrel-osx-x86_64 0.1.0 OK

Check Details

Version: 0.1.0
Check: tests
Result: ERROR
     Running 'testthat.R' [5s/5s]
    Running the tests in 'tests/testthat.R' failed.
    Complete output:
     > library(testthat)
     > library(reactable)
     >
     > test_check("reactable")
     -- 1. Failure: reactable (@test-reactable.R#81) -------------------------------
     `attribs` not equal to `expected`.
     Component "columns": Component 2: Component 3: 1 string mismatch
     Component "dataKey": 1 string mismatch
    
     -- 2. Failure: reactable (@test-reactable.R#146) ------------------------------
     `attribs` not equal to `expected`.
     Component "columns": Component 3: Component 3: 1 string mismatch
     Component "dataKey": 1 string mismatch
    
     == testthat results ===========================================================
     [ OK: 399 | SKIPPED: 0 | WARNINGS: 0 | FAILED: 2 ]
     1. Failure: reactable (@test-reactable.R#81)
     2. Failure: reactable (@test-reactable.R#146)
    
     Error: testthat unit tests failed
     Execution halted
Flavor: r-devel-linux-x86_64-debian-clang

Version: 0.1.0
Check: tests
Result: ERROR
     Running ‘testthat.R’ [3s/5s]
    Running the tests in ‘tests/testthat.R’ failed.
    Complete output:
     > library(testthat)
     > library(reactable)
     >
     > test_check("reactable")
     ── 1. Failure: reactable (@test-reactable.R#81) ───────────────────────────────
     `attribs` not equal to `expected`.
     Component "columns": Component 2: Component 3: 1 string mismatch
     Component "dataKey": 1 string mismatch
    
     ── 2. Failure: reactable (@test-reactable.R#146) ──────────────────────────────
     `attribs` not equal to `expected`.
     Component "columns": Component 3: Component 3: 1 string mismatch
     Component "dataKey": 1 string mismatch
    
     ══ testthat results ═══════════════════════════════════════════════════════════
     [ OK: 399 | SKIPPED: 0 | WARNINGS: 0 | FAILED: 2 ]
     1. Failure: reactable (@test-reactable.R#81)
     2. Failure: reactable (@test-reactable.R#146)
    
     Error: testthat unit tests failed
     Execution halted
Flavor: r-devel-linux-x86_64-debian-gcc