CRAN Package Check Results for Package reactR

Last updated on 2021-06-24 09:52:42 CEST.

Flavor Version Tinstall Tcheck Ttotal Status Flags
r-devel-linux-x86_64-debian-clang 0.4.4 2.61 31.73 34.34 NOTE
r-devel-linux-x86_64-debian-gcc 0.4.4 1.86 25.30 27.16 NOTE
r-devel-linux-x86_64-fedora-clang 0.4.4 50.61 NOTE
r-devel-linux-x86_64-fedora-gcc 0.4.4 41.37 NOTE
r-devel-windows-x86_64 0.4.4 5.00 45.00 50.00 NOTE
r-devel-windows-x86_64-gcc10-UCRT 0.4.4 NOTE
r-patched-linux-x86_64 0.4.4 2.61 30.97 33.58 NOTE
r-patched-solaris-x86 0.4.4 65.40 NOTE
r-release-linux-x86_64 0.4.4 2.46 31.19 33.65 NOTE
r-release-macos-arm64 0.4.4 NOTE
r-release-macos-x86_64 0.4.4 NOTE
r-release-windows-ix86+x86_64 0.4.4 6.00 49.00 55.00 NOTE
r-oldrel-macos-x86_64 0.4.4 OK

Check Details

Version: 0.4.4
Check: LazyData
Result: NOTE
     'LazyData' is specified without a 'data' directory
Flavors: r-devel-linux-x86_64-debian-clang, r-devel-linux-x86_64-debian-gcc, r-devel-linux-x86_64-fedora-clang, r-devel-linux-x86_64-fedora-gcc, r-devel-windows-x86_64, r-devel-windows-x86_64-gcc10-UCRT, r-patched-linux-x86_64, r-patched-solaris-x86, r-release-linux-x86_64, r-release-macos-arm64, r-release-macos-x86_64, r-release-windows-ix86+x86_64

Version: 0.4.4
Check: package dependencies
Result: NOTE
    Packages suggested but not available for checking: 'V8', 'usethis'
Flavor: r-devel-windows-x86_64-gcc10-UCRT