CRAN Package Check Results for Package rdomains

Last updated on 2021-04-15 09:50:12 CEST.

Flavor Version Tinstall Tcheck Ttotal Status Flags
r-devel-linux-x86_64-debian-clang 0.1.9 14.61 166.74 181.35 NOTE
r-devel-linux-x86_64-debian-gcc 0.1.9 10.91 125.39 136.30 NOTE
r-devel-linux-x86_64-fedora-clang 0.1.9 221.79 NOTE
r-devel-linux-x86_64-fedora-gcc 0.1.9 213.24 NOTE
r-devel-windows-ix86+x86_64 0.1.9 37.00 197.00 234.00 NOTE
r-devel-windows-x86_64-gcc10-UCRT 0.1.9 NOTE
r-patched-linux-x86_64 0.1.9 14.80 150.92 165.72 OK
r-patched-solaris-x86 0.1.9 325.70 NOTE
r-release-linux-x86_64 0.1.9 11.65 149.70 161.35 OK
r-release-macos-x86_64 0.1.9 NOTE
r-release-windows-ix86+x86_64 0.1.9 45.00 234.00 279.00 OK
r-oldrel-macos-x86_64 0.1.9 NOTE
r-oldrel-windows-ix86+x86_64 0.1.9 24.00 214.00 238.00 OK

Check Details

Version: 0.1.9
Check: LazyData
Result: NOTE
     'LazyData' is specified without a 'data' directory
Flavors: r-devel-linux-x86_64-debian-clang, r-devel-linux-x86_64-debian-gcc, r-devel-linux-x86_64-fedora-clang, r-devel-linux-x86_64-fedora-gcc, r-devel-windows-ix86+x86_64, r-devel-windows-x86_64-gcc10-UCRT

Version: 0.1.9
Check: dependencies in R code
Result: NOTE
    Namespace in Imports field not imported from: ‘rlang’
     All declared Imports should be used.
Flavors: r-devel-linux-x86_64-fedora-clang, r-devel-linux-x86_64-fedora-gcc, r-devel-windows-x86_64-gcc10-UCRT, r-patched-solaris-x86, r-release-macos-x86_64, r-oldrel-macos-x86_64