CRAN Package Check Results for Package rdbnomics

Last updated on 2021-04-15 09:50:12 CEST.

Flavor Version Tinstall Tcheck Ttotal Status Flags
r-devel-linux-x86_64-debian-clang 0.6.4 5.45 48.47 53.92 NOTE
r-devel-linux-x86_64-debian-gcc 0.6.4 4.78 36.88 41.66 NOTE
r-devel-linux-x86_64-fedora-clang 0.6.4 73.22 NOTE
r-devel-linux-x86_64-fedora-gcc 0.6.4 63.71 NOTE
r-devel-windows-ix86+x86_64 0.6.4 13.00 78.00 91.00 NOTE
r-devel-windows-x86_64-gcc10-UCRT 0.6.4 NOTE
r-patched-linux-x86_64 0.6.4 5.62 44.62 50.24 OK
r-patched-solaris-x86 0.6.4 87.40 OK
r-release-linux-x86_64 0.6.4 5.59 44.93 50.52 OK
r-release-macos-x86_64 0.6.4 OK
r-release-windows-ix86+x86_64 0.6.4 9.00 89.00 98.00 OK
r-oldrel-macos-x86_64 0.6.4 OK
r-oldrel-windows-ix86+x86_64 0.6.4 9.00 73.00 82.00 OK

Check Details

Version: 0.6.4
Check: LazyData
Result: NOTE
     'LazyData' is specified without a 'data' directory
Flavors: r-devel-linux-x86_64-debian-clang, r-devel-linux-x86_64-debian-gcc, r-devel-linux-x86_64-fedora-clang, r-devel-linux-x86_64-fedora-gcc, r-devel-windows-ix86+x86_64, r-devel-windows-x86_64-gcc10-UCRT