CRAN Package Check Results for Package rcoreoa

Last updated on 2021-06-22 09:51:50 CEST.

Flavor Version Tinstall Tcheck Ttotal Status Flags
r-devel-linux-x86_64-debian-clang 0.4.0 2.43 29.85 32.28 OK
r-devel-linux-x86_64-debian-gcc 0.4.0 2.02 23.65 25.67 OK
r-devel-linux-x86_64-fedora-clang 0.4.0 47.97 OK
r-devel-linux-x86_64-fedora-gcc 0.4.0 37.84 OK
r-devel-windows-x86_64 0.4.0 5.00 41.00 46.00 OK
r-devel-windows-x86_64-gcc10-UCRT 0.4.0 ERROR
r-patched-linux-x86_64 0.4.0 3.01 29.10 32.11 OK
r-patched-solaris-x86 0.4.0 57.40 OK
r-release-linux-x86_64 0.4.0 2.37 29.17 31.54 OK
r-release-macos-arm64 0.4.0 OK
r-release-macos-x86_64 0.4.0 OK
r-release-windows-ix86+x86_64 0.4.0 6.00 47.00 53.00 OK
r-oldrel-macos-x86_64 0.4.0 OK

Check Details

Version: 0.4.0
Check: package dependencies
Result: ERROR
    Packages required but not available: 'crul', 'pdftools'
    
    Packages suggested but not available for checking: 'rcrossref', 'vcr'
    
    See section 'The DESCRIPTION file' in the 'Writing R Extensions'
    manual.
Flavor: r-devel-windows-x86_64-gcc10-UCRT