CRAN Package Check Results for Package rcdk

Last updated on 2021-06-24 09:52:42 CEST.

Flavor Version Tinstall Tcheck Ttotal Status Flags
r-devel-linux-x86_64-debian-clang 3.5.0 8.32 103.89 112.21 OK
r-devel-linux-x86_64-debian-gcc 3.5.0 5.74 81.02 86.76 OK
r-devel-linux-x86_64-fedora-clang 3.5.0 136.66 OK
r-devel-linux-x86_64-fedora-gcc 3.5.0 128.39 OK
r-devel-windows-x86_64 3.5.0 15.00 92.00 107.00 OK
r-devel-windows-x86_64-gcc10-UCRT 3.5.0 OK
r-patched-linux-x86_64 3.5.0 11.00 101.34 112.34 OK
r-release-linux-x86_64 3.5.0 7.74 102.77 110.51 OK
r-release-macos-arm64 3.5.0 ERROR
r-release-macos-x86_64 3.5.0 OK
r-release-windows-ix86+x86_64 3.5.0 18.00 103.00 121.00 OK
r-oldrel-macos-x86_64 3.5.0 OK

Check Details

Version: 3.5.0
Check: whether package can be installed
Result: ERROR
    Installation failed.
Flavor: r-release-macos-arm64