CRAN Package Check Results for Package rbefdata

Last updated on 2021-04-15 09:50:12 CEST.

Flavor Version Tinstall Tcheck Ttotal Status Flags
r-devel-linux-x86_64-debian-clang 0.3.5 5.49 43.55 49.04 NOTE
r-devel-linux-x86_64-debian-gcc 0.3.5 3.83 34.02 37.85 NOTE
r-devel-linux-x86_64-fedora-clang 0.3.5 70.38 NOTE
r-devel-linux-x86_64-fedora-gcc 0.3.5 59.50 NOTE
r-devel-windows-ix86+x86_64 0.3.5 11.00 53.00 64.00 NOTE
r-devel-windows-x86_64-gcc10-UCRT 0.3.5 NOTE
r-patched-linux-x86_64 0.3.5 5.31 41.23 46.54 NOTE
r-patched-solaris-x86 0.3.5 92.80 NOTE
r-release-linux-x86_64 0.3.5 4.82 41.44 46.26 NOTE
r-release-macos-x86_64 0.3.5 NOTE
r-release-windows-ix86+x86_64 0.3.5 16.00 64.00 80.00 NOTE
r-oldrel-macos-x86_64 0.3.5 NOTE
r-oldrel-windows-ix86+x86_64 0.3.5 9.00 47.00 56.00 NOTE

Check Details

Version: 0.3.5
Check: R code for possible problems
Result: NOTE
    bef.get.attachments: no visible global function definition for
     'read.csv'
    bef.get.attachments: no visible global function definition for
     'flush.console'
    bef.get.attachments_for: no visible global function definition for
     'read.csv'
    bef.get.attachments_for: no visible global function definition for
     'flush.console'
    bef.get.categories_for: no visible binding for global variable 'id'
    bef.get.categories_for: no visible global function definition for
     'read.csv'
    bef.get.dataset: no visible global function definition for 'read.csv'
    bef.get.dataset_by: no visible global function definition for
     'read.csv'
    bef.get.datasets.for_keyword : <anonymous>: no visible global function
     definition for 'read.csv'
    bef.get.datasets.for_proposal: no visible global function definition
     for 'read.csv'
    bef.goto.dataset_page: no visible global function definition for
     'browseURL'
    bef.goto.proposal_page: no visible global function definition for
     'browseURL'
    bef.portal.get.attachments: no visible global function definition for
     'read.csv'
    bef.portal.get.attachments: no visible global function definition for
     'flush.console'
    bef.portal.get.attachments_for: no visible global function definition
     for 'read.csv'
    bef.portal.get.attachments_for: no visible global function definition
     for 'flush.console'
    bef.portal.get.categories_for: no visible binding for global variable
     'id'
    bef.portal.get.categories_for: no visible global function definition
     for 'read.csv'
    bef.portal.get.dataset: no visible global function definition for
     'read.csv'
    bef.portal.get.dataset_by: no visible global function definition for
     'read.csv'
    bef.portal.get.datasets.for_keyword : <anonymous>: no visible global
     function definition for 'read.csv'
    bef.portal.get.datasets.for_proposal: no visible global function
     definition for 'read.csv'
    upload_file: no visible global function definition for 'write.csv'
    Undefined global functions or variables:
     browseURL flush.console id read.csv write.csv
    Consider adding
     importFrom("utils", "browseURL", "flush.console", "read.csv",
     "write.csv")
    to your NAMESPACE file.
Flavors: r-devel-linux-x86_64-debian-clang, r-devel-linux-x86_64-debian-gcc, r-devel-linux-x86_64-fedora-clang, r-devel-linux-x86_64-fedora-gcc, r-devel-windows-ix86+x86_64, r-devel-windows-x86_64-gcc10-UCRT, r-patched-linux-x86_64, r-patched-solaris-x86, r-release-linux-x86_64, r-release-macos-x86_64, r-release-windows-ix86+x86_64, r-oldrel-macos-x86_64, r-oldrel-windows-ix86+x86_64